78.137.16.78 - - [30/Jul/2010:00:06:57 -0700] "GET /nuke/modules.php?name=Statistics&op=DailyStats&year=2009&month=10&date=26 HTTP/1.0" 200 29175 "http://sawebq.surge8.com/sitemap.html" "Mozilla/4.0 (compatible; MSIE 6.0; Windows NT 5.1; en) Opera 9.0" "www.dchifi.com"
78.137.16.78 - - [30/Jul/2010:00:06:59 -0700] "GET /nuke/modules.php?name=Statistics&op=DailyStats&year=2009&month=10&date=26 HTTP/1.0" 200 29175 "http://sawebq.surge8.com/sitemap.html" "Mozilla/4.0 (compatible; MSIE 6.0; Windows NT 5.1; SV1)" "www.dchifi.com"
78.137.16.78 - - [30/Jul/2010:00:07:00 -0700] "GET /nuke/modules.php?name=Statistics&op=DailyStats&year=2009&month=10&date=26 HTTP/1.0" 200 29175 "http://sawebq.surge8.com/sitemap.html" "Mozilla/4.0 (compatible; MSIE 6.0; Windows NT 5.0; .NET CLR 1.0.3705; .NET CLR 1.1.4322)" "www.dchifi.com"
78.137.16.78 - - [30/Jul/2010:00:07:01 -0700] "GET /nuke/modules.php?name=Statistics&op=DailyStats&year=2009&month=10&date=26 HTTP/1.0" 200 29175 "http://sawebq.surge8.com/sitemap.html" "Mozilla/4.0 (compatible; MSIE 6.0; Windows NT 5.1) Opera 7.54 [en]" "www.dchifi.com"
78.137.16.78 - - [30/Jul/2010:00:07:02 -0700] "GET /nuke/modules.php?name=Statistics&op=DailyStats&year=2009&month=10&date=26 HTTP/1.0" 200 29175 "http://sawebq.surge8.com/sitemap.html" "Mozilla/4.0 (compatible; MSIE 5.0; Windows 2000) Opera 6.0 [en]" "www.dchifi.com"
95.108.244.252 - - [30/Jul/2010:00:09:23 -0700] "GET /nuke/modules.php?name=Statistics&op=DailyStats&year=2009&month=1&date=16 HTTP/1.1" 200 3935 "-" "Mozilla/5.0 (compatible; YandexBot/3.0; +http://yandex.com/bots)" "www.dchifi.com"
66.249.65.119 - - [30/Jul/2010:00:10:49 -0700] "GET /robots.txt HTTP/1.1" 404 - "-" "Mozilla/5.0 (compatible; Googlebot/2.1; +http://www.google.com/bot.html)" "www.dchifi.com"
78.137.16.78 - - [30/Jul/2010:00:15:25 -0700] "GET /nuke/modules.php?name=Statistics&op=DailyStats&year=2009&month=10&date=26 HTTP/1.0" 200 29175 "http://rudatingsq.surge8.com/sitemap.html" "Mozilla/4.0 (compatible; MSIE 4.01; Digital AlphaServer 1000A 4/233; Windows NT; Powered By 64-Bit Alpha Processor)" "www.dchifi.com"
78.137.16.78 - - [30/Jul/2010:00:15:26 -0700] "GET /nuke/modules.php?name=Statistics&op=DailyStats&year=2009&month=10&date=26 HTTP/1.0" 200 29175 "http://rudatingsq.surge8.com/sitemap.html" "Mozilla/4.0 (compatible; MSIE 5.0; Windows 95) Opera 6.01 [en]" "www.dchifi.com"
78.137.16.78 - - [30/Jul/2010:00:15:28 -0700] "GET /nuke/modules.php?name=Statistics&op=DailyStats&year=2009&month=10&date=26 HTTP/1.0" 200 29175 "http://rudatingsq.surge8.com/sitemap.html" "Opera/9.0 (Windows NT 5.1; U; en)" "www.dchifi.com"
78.137.16.78 - - [30/Jul/2010:00:15:29 -0700] "GET /nuke/modules.php?name=Statistics&op=DailyStats&year=2009&month=10&date=26 HTTP/1.0" 200 29175 "http://rudatingsq.surge8.com/sitemap.html" "Opera/9.01 (Windows NT 5.1; U; en)" "www.dchifi.com"
78.137.16.78 - - [30/Jul/2010:00:15:30 -0700] "GET /nuke/modules.php?name=Statistics&op=DailyStats&year=2009&month=10&date=26 HTTP/1.0" 200 29175 "http://rudatingsq.surge8.com/sitemap.html" "Mozilla/4.0 (compatible; MSIE 6.0; Windows NT 5.1; en) Opera 9.0" "www.dchifi.com"
78.137.16.78 - - [30/Jul/2010:00:23:48 -0700] "GET /nuke/modules.php?name=Statistics&op=DailyStats&year=2009&month=10&date=26 HTTP/1.0" 200 29175 "http://rosintimq.surge8.com/sitemap.html" "Mozilla/4.0 (compatible; MSIE 6.0; Windows NT 5.1; SV1; .NET CLR 1.0.3705; .NET CLR 1.1.4322; .NET CLR 2.0.40607)" "www.dchifi.com"
78.137.16.78 - - [30/Jul/2010:00:23:49 -0700] "GET /nuke/modules.php?name=Statistics&op=DailyStats&year=2009&month=10&date=26 HTTP/1.0" 200 29175 "http://rosintimq.surge8.com/sitemap.html" "Mozilla/4.0 (compatible; MSIE 6.0; Windows NT 5.1)" "www.dchifi.com"
78.137.16.78 - - [30/Jul/2010:00:23:50 -0700] "GET /nuke/modules.php?name=Statistics&op=DailyStats&year=2009&month=10&date=26 HTTP/1.0" 200 29175 "http://rosintimq.surge8.com/sitemap.html" "Mozilla/4.0 (compatible; MSIE 4.01; Digital AlphaServer 1000A 4/233; Windows NT; Powered By 64-Bit Alpha Processor)" "www.dchifi.com"
78.137.16.78 - - [30/Jul/2010:00:23:52 -0700] "GET /nuke/modules.php?name=Statistics&op=DailyStats&year=2009&month=10&date=26 HTTP/1.0" 200 29175 "http://rosintimq.surge8.com/sitemap.html" "Mozilla/4.0 (compatible; MSIE 5.5; Windows 95)" "www.dchifi.com"
78.137.16.78 - - [30/Jul/2010:00:23:53 -0700] "GET /nuke/modules.php?name=Statistics&op=DailyStats&year=2009&month=10&date=26 HTTP/1.0" 200 29175 "http://rosintimq.surge8.com/sitemap.html" "Mozilla/4.0 (compatible; Powermarks/3.5; Windows 95/98/2000/NT)" "www.dchifi.com"
95.108.244.252 - - [30/Jul/2010:00:30:02 -0700] "GET /nuke/modules.php?name=Statistics&op=DailyStats&year=2008&month=3&date=19 HTTP/1.0" 200 3842 "-" "Mozilla/5.0 (compatible; YandexBot/3.0; +http://yandex.com/bots)" "www.dchifi.com"
78.137.16.78 - - [30/Jul/2010:00:32:13 -0700] "GET /nuke/modules.php?name=Statistics&op=DailyStats&year=2009&month=10&date=26 HTTP/1.0" 200 29175 "http://individualkiq.surge8.com/sitemap.html" "Mozilla/4.0 (compatible; MSIE 6.0; Windows NT 5.1; SV1; .NET CLR 1.1.4322)" "www.dchifi.com"
78.137.16.78 - - [30/Jul/2010:00:32:14 -0700] "GET /nuke/modules.php?name=Statistics&op=DailyStats&year=2009&month=10&date=26 HTTP/1.0" 200 29175 "http://individualkiq.surge8.com/sitemap.html" "Mozilla/4.0 (compatible; MSIE 5.0; Windows 2000) Opera 6.0 [en]" "www.dchifi.com"
78.137.16.78 - - [30/Jul/2010:00:32:16 -0700] "GET /nuke/modules.php?name=Statistics&op=DailyStats&year=2009&month=10&date=26 HTTP/1.0" 200 29175 "http://individualkiq.surge8.com/sitemap.html" "Mozilla/4.0 (compatible; MSIE 6.0; Windows NT 5.0)" "www.dchifi.com"
78.137.16.78 - - [30/Jul/2010:00:32:17 -0700] "GET /nuke/modules.php?name=Statistics&op=DailyStats&year=2009&month=10&date=26 HTTP/1.0" 200 29175 "http://individualkiq.surge8.com/sitemap.html" "Opera/7.60 (Windows NT 5.2; U) [en] (IBM EVV/3.0/EAK01AG9/LE)" "www.dchifi.com"
78.137.16.78 - - [30/Jul/2010:00:32:17 -0700] "GET /nuke/modules.php?name=Statistics&op=DailyStats&year=2009&month=10&date=26 HTTP/1.0" 200 29175 "http://individualkiq.surge8.com/sitemap.html" "Mozilla/4.0 (compatible; MSIE 6.0; AOL 9.0; Windows NT 5.1)" "www.dchifi.com"
78.137.16.78 - - [30/Jul/2010:00:40:37 -0700] "GET /nuke/modules.php?name=Statistics&op=DailyStats&year=2009&month=10&date=26 HTTP/1.0" 200 29175 "http://seksyloveq.surge8.com/sitemap.html" "Mozilla/4.0 (compatible; MSIE 6.0; Windows NT 5.0; KTXN)" "www.dchifi.com"
78.137.16.78 - - [30/Jul/2010:00:40:40 -0700] "GET /nuke/modules.php?name=Statistics&op=DailyStats&year=2009&month=10&date=26 HTTP/1.0" 200 29175 "http://seksyloveq.surge8.com/sitemap.html" "Mozilla/4.0 (compatible; MSIE 6.0; Windows 98; Win 9x 4.90)" "www.dchifi.com"
78.137.16.78 - - [30/Jul/2010:00:40:42 -0700] "GET /nuke/modules.php?name=Statistics&op=DailyStats&year=2009&month=10&date=26 HTTP/1.0" 200 29175 "http://seksyloveq.surge8.com/sitemap.html" "Mozilla/2.0 (compatible; MSIE 3.02; Windows CE; 240x320)" "www.dchifi.com"
78.137.16.78 - - [30/Jul/2010:00:40:42 -0700] "GET /nuke/modules.php?name=Statistics&op=DailyStats&year=2009&month=10&date=26 HTTP/1.0" 200 29175 "http://seksyloveq.surge8.com/sitemap.html" "Mozilla/4.0 (compatible; MSIE 6.0; Windows NT 5.0; APC; .NET CLR 1.0.3705; .NET CLR 1.1.4322; .NET CLR 2.0.50215; InfoPath.1)" "www.dchifi.com"
78.137.16.78 - - [30/Jul/2010:00:40:43 -0700] "GET /nuke/modules.php?name=Statistics&op=DailyStats&year=2009&month=10&date=26 HTTP/1.0" 200 29175 "http://seksyloveq.surge8.com/sitemap.html" "Mozilla/4.61 [en] (X11; U; ) - BrowseX (2.0.0 Windows)" "www.dchifi.com"
78.137.16.78 - - [30/Jul/2010:00:48:39 -0700] "GET /nuke/modules.php?name=Statistics&op=DailyStats&year=2009&month=10&date=26 HTTP/1.0" 200 29175 "http://yuliavarraq.surge8.com/sitemap.html" "Mozilla/4.0 (compatible; MSIE 6.0; Windows NT 5.1; SV1)" "www.dchifi.com"
78.137.16.78 - - [30/Jul/2010:00:48:41 -0700] "GET /nuke/modules.php?name=Statistics&op=DailyStats&year=2009&month=10&date=26 HTTP/1.0" 200 29175 "http://yuliavarraq.surge8.com/sitemap.html" "Mozilla/4.0 (compatible; MSIE 7.0; Windows NT 5.1; SV1; .NET CLR 2.0.50727)" "www.dchifi.com"
78.137.16.78 - - [30/Jul/2010:00:48:42 -0700] "GET /nuke/modules.php?name=Statistics&op=DailyStats&year=2009&month=10&date=26 HTTP/1.0" 200 29175 "http://yuliavarraq.surge8.com/sitemap.html" "Mozilla/4.0 (compatible; MSIE 6.0; Windows NT 5.1; SV1)" "www.dchifi.com"
78.137.16.78 - - [30/Jul/2010:00:48:43 -0700] "GET /nuke/modules.php?name=Statistics&op=DailyStats&year=2009&month=10&date=26 HTTP/1.0" 200 29175 "http://yuliavarraq.surge8.com/sitemap.html" "Mozilla/4.76 [en] (Windows NT 5.0; U)" "www.dchifi.com"
78.137.16.78 - - [30/Jul/2010:00:48:44 -0700] "GET /nuke/modules.php?name=Statistics&op=DailyStats&year=2009&month=10&date=26 HTTP/1.0" 200 29175 "http://yuliavarraq.surge8.com/sitemap.html" "Mozilla/4.0 (compatible- MSIE 6.0- Windows NT 5.1- SV1- .NET CLR 1.1.4322" "www.dchifi.com"
95.108.244.252 - - [30/Jul/2010:00:49:07 -0700] "GET /nuke/modules.php?name=Statistics&op=DailyStats&year=2007&month=2&date=8 HTTP/1.1" 200 3863 "-" "Mozilla/5.0 (compatible; YandexBot/3.0; +http://yandex.com/bots)" "www.dchifi.com"
78.137.16.78 - - [30/Jul/2010:00:57:07 -0700] "GET /nuke/modules.php?name=Statistics&op=DailyStats&year=2009&month=10&date=26 HTTP/1.0" 200 29175 "http://stonq.surge8.com/sitemap.html" "Mozilla/4.0 (compatible; MSIE 6.0; Windows NT 5.1; SV1; .NET CLR 1.1.4322)" "www.dchifi.com"
78.137.16.78 - - [30/Jul/2010:00:57:09 -0700] "GET /nuke/modules.php?name=Statistics&op=DailyStats&year=2009&month=10&date=26 HTTP/1.0" 200 29175 "http://stonq.surge8.com/sitemap.html" "Mozilla/4.0 (compatible; MSIE 6.0; Windows NT 5.1; SV1; InfoPath.1" "www.dchifi.com"
78.137.16.78 - - [30/Jul/2010:00:57:10 -0700] "GET /nuke/modules.php?name=Statistics&op=DailyStats&year=2009&month=10&date=26 HTTP/1.0" 200 29175 "http://stonq.surge8.com/sitemap.html" "Mozilla/4.7 (compatible; OffByOne; Windows 2000) Webster Pro V3.4" "www.dchifi.com"
78.137.16.78 - - [30/Jul/2010:00:57:11 -0700] "GET /nuke/modules.php?name=Statistics&op=DailyStats&year=2009&month=10&date=26 HTTP/1.0" 200 29175 "http://stonq.surge8.com/sitemap.html" "Mozilla/4.0 (compatible; MSIE 6.0; Windows NT 5.1; .NET CLR 1.1.4322)" "www.dchifi.com"
78.137.16.78 - - [30/Jul/2010:00:57:12 -0700] "GET /nuke/modules.php?name=Statistics&op=DailyStats&year=2009&month=10&date=26 HTTP/1.0" 200 29175 "http://stonq.surge8.com/sitemap.html" "Mozilla/4.0 (compatible; MSIE 6.0; Windows NT 5.1; KKman2.0)" "www.dchifi.com"
208.115.111.250 - - [30/Jul/2010:00:59:13 -0700] "GET /robots.txt HTTP/1.1" 404 - "-" "Mozilla/5.0 (compatible; DotBot/1.1; http://www.dotnetdotcom.org/, crawler@dotnetdotcom.org)" "www.dchifi.com"
78.137.16.78 - - [30/Jul/2010:01:05:21 -0700] "GET /nuke/modules.php?name=Statistics&op=DailyStats&year=2009&month=10&date=26 HTTP/1.0" 200 29175 "http://iznakomstvaq.surge8.com/sitemap.html" "Mozilla/4.0 (compatible; MSIE 6.0; Windows 98; Win 9x 4.90; Creative)" "www.dchifi.com"
78.137.16.78 - - [30/Jul/2010:01:05:22 -0700] "GET /nuke/modules.php?name=Statistics&op=DailyStats&year=2009&month=10&date=26 HTTP/1.0" 200 29175 "http://iznakomstvaq.surge8.com/sitemap.html" "Mozilla/4.79 [en] (Windows NT 5.0; U)" "www.dchifi.com"
78.137.16.78 - - [30/Jul/2010:01:05:23 -0700] "GET /nuke/modules.php?name=Statistics&op=DailyStats&year=2009&month=10&date=26 HTTP/1.0" 200 29175 "http://iznakomstvaq.surge8.com/sitemap.html" "Opera/9.01 (Windows NT 5.1; U; en)" "www.dchifi.com"
78.137.16.78 - - [30/Jul/2010:01:05:25 -0700] "GET /nuke/modules.php?name=Statistics&op=DailyStats&year=2009&month=10&date=26 HTTP/1.0" 200 29175 "http://iznakomstvaq.surge8.com/sitemap.html" "Opera/8.00 (Windows NT 5.1; U; en)" "www.dchifi.com"
78.137.16.78 - - [30/Jul/2010:01:05:26 -0700] "GET /nuke/modules.php?name=Statistics&op=DailyStats&year=2009&month=10&date=26 HTTP/1.0" 200 29175 "http://iznakomstvaq.surge8.com/sitemap.html" "Mozilla/4.0 (compatible; MSIE 6.0; Windows NT 5.1; MRA 4.6 (build 01425))" "www.dchifi.com"
95.108.244.252 - - [30/Jul/2010:01:09:57 -0700] "GET /ebay/ead/tmopspp/ HTTP/1.1" 200 2386 "-" "Mozilla/5.0 (compatible; YandexBot/3.0; +http://yandex.com/bots)" "www.dchifi.com"
78.137.16.78 - - [30/Jul/2010:01:13:45 -0700] "GET /nuke/modules.php?name=Statistics&op=DailyStats&year=2009&month=10&date=26 HTTP/1.0" 200 29175 "http://sekstalkq.surge8.com/sitemap.html" "Mozilla/4.0 (compatible; MSIE 6.0; Windows NT 5.1) Opera 7.54 [en]" "www.dchifi.com"
78.137.16.78 - - [30/Jul/2010:01:13:47 -0700] "GET /nuke/modules.php?name=Statistics&op=DailyStats&year=2009&month=10&date=26 HTTP/1.0" 200 29175 "http://sekstalkq.surge8.com/sitemap.html" "Opera/8.00 (Windows NT 5.1; U; en)" "www.dchifi.com"
78.137.16.78 - - [30/Jul/2010:01:13:48 -0700] "GET /nuke/modules.php?name=Statistics&op=DailyStats&year=2009&month=10&date=26 HTTP/1.0" 200 29175 "http://sekstalkq.surge8.com/sitemap.html" "Mozilla/4.0 (compatible; MSIE 6.0; Windows NT 5.0; KTXN)" "www.dchifi.com"
78.137.16.78 - - [30/Jul/2010:01:13:50 -0700] "GET /nuke/modules.php?name=Statistics&op=DailyStats&year=2009&month=10&date=26 HTTP/1.0" 200 29175 "http://sekstalkq.surge8.com/sitemap.html" "Mozilla/4.0 (compatible; MSIE 6.0; Update a; AOL 6.0; Windows 98)" "www.dchifi.com"
78.137.16.78 - - [30/Jul/2010:01:13:50 -0700] "GET /nuke/modules.php?name=Statistics&op=DailyStats&year=2009&month=10&date=26 HTTP/1.0" 200 29175 "http://sekstalkq.surge8.com/sitemap.html" "Mozilla/4.0 (compatible; MSIE 6.0; Windows NT 5.1)" "www.dchifi.com"
208.115.111.250 - - [30/Jul/2010:01:16:53 -0700] "GET /Eve_online/?N=D HTTP/1.1" 200 804 "-" "Mozilla/5.0 (compatible; DotBot/1.1; http://www.dotnetdotcom.org/, crawler@dotnetdotcom.org)" "www.dchifi.com"
208.115.111.250 - - [30/Jul/2010:01:16:55 -0700] "GET /Eve_online/MSCS/?N=D HTTP/1.1" 200 555 "-" "Mozilla/5.0 (compatible; DotBot/1.1; http://www.dotnetdotcom.org/, crawler@dotnetdotcom.org)" "www.dchifi.com"
208.115.111.250 - - [30/Jul/2010:01:16:56 -0700] "GET /Eve_online/Personal/caldari_min_ship_mineral_numbers.html HTTP/1.1" 200 202900 "-" "Mozilla/5.0 (compatible; DotBot/1.1; http://www.dotnetdotcom.org/, crawler@dotnetdotcom.org)" "www.dchifi.com"
208.115.111.250 - - [30/Jul/2010:01:16:58 -0700] "GET /Eve_online/Personal/manufactureing_min_caldari.html HTTP/1.1" 200 202412 "-" "Mozilla/5.0 (compatible; DotBot/1.1; http://www.dotnetdotcom.org/, crawler@dotnetdotcom.org)" "www.dchifi.com"
208.115.111.250 - - [30/Jul/2010:01:16:59 -0700] "GET /ebay/ead/ HTTP/1.1" 200 671 "-" "Mozilla/5.0 (compatible; DotBot/1.1; http://www.dotnetdotcom.org/, crawler@dotnetdotcom.org)" "www.dchifi.com"
208.115.111.250 - - [30/Jul/2010:01:17:01 -0700] "GET /strongproducts/?N=A HTTP/1.1" 200 675 "-" "Mozilla/5.0 (compatible; DotBot/1.1; http://www.dotnetdotcom.org/, crawler@dotnetdotcom.org)" "www.dchifi.com"
208.115.111.250 - - [30/Jul/2010:01:17:02 -0700] "GET /strongproducts/ebay/cintimatic/?M=A HTTP/1.1" 200 862 "-" "Mozilla/5.0 (compatible; DotBot/1.1; http://www.dotnetdotcom.org/, crawler@dotnetdotcom.org)" "www.dchifi.com"
208.115.111.250 - - [30/Jul/2010:01:17:04 -0700] "GET /strongproducts/ebay/cintimatic/?S=A HTTP/1.1" 200 862 "-" "Mozilla/5.0 (compatible; DotBot/1.1; http://www.dotnetdotcom.org/, crawler@dotnetdotcom.org)" "www.dchifi.com"
208.115.111.250 - - [30/Jul/2010:01:17:06 -0700] "GET /strongproducts/ebay/cintimatic/full/ HTTP/1.1" 200 1735 "-" "Mozilla/5.0 (compatible; DotBot/1.1; http://www.dotnetdotcom.org/, crawler@dotnetdotcom.org)" "www.dchifi.com"
208.115.111.250 - - [30/Jul/2010:01:17:07 -0700] "GET /strongproducts/ebay/cintimatic/thumbs/ HTTP/1.1" 200 1787 "-" "Mozilla/5.0 (compatible; DotBot/1.1; http://www.dotnetdotcom.org/, crawler@dotnetdotcom.org)" "www.dchifi.com"
78.137.16.78 - - [30/Jul/2010:01:22:18 -0700] "GET /nuke/modules.php?name=Statistics&op=DailyStats&year=2009&month=10&date=26 HTTP/1.0" 200 29175 "http://azbukasexaq.surge8.com/sitemap.html" "Mozilla/4.0 (compatible; MSIE 5.5; Windows 95; BCD2000)" "www.dchifi.com"
78.137.16.78 - - [30/Jul/2010:01:22:20 -0700] "GET /nuke/modules.php?name=Statistics&op=DailyStats&year=2009&month=10&date=26 HTTP/1.0" 200 29175 "http://azbukasexaq.surge8.com/sitemap.html" "Mozilla/4.0 (compatible; MSIE 6.0; AOL 9.0; Windows NT 5.1)" "www.dchifi.com"
78.137.16.78 - - [30/Jul/2010:01:22:21 -0700] "GET /nuke/modules.php?name=Statistics&op=DailyStats&year=2009&month=10&date=26 HTTP/1.0" 200 29175 "http://azbukasexaq.surge8.com/sitemap.html" "Mozilla/4.0 (compatible; MSIE 6.0; Windows NT 5.2; Win64; AMD64)" "www.dchifi.com"
78.137.16.78 - - [30/Jul/2010:01:22:22 -0700] "GET /nuke/modules.php?name=Statistics&op=DailyStats&year=2009&month=10&date=26 HTTP/1.0" 200 29175 "http://azbukasexaq.surge8.com/sitemap.html" "Mozilla/4.0 (compatible; MSIE 4.01; Digital AlphaServer 1000A 4/233; Windows NT; Powered By 64-Bit Alpha Processor)" "www.dchifi.com"
78.137.16.78 - - [30/Jul/2010:01:22:22 -0700] "GET /nuke/modules.php?name=Statistics&op=DailyStats&year=2009&month=10&date=26 HTTP/1.0" 200 29175 "http://azbukasexaq.surge8.com/sitemap.html" "Mozilla/4.0 (compatible; MSIE 6.0; Windows NT 5.1) Opera 7.54 [en]" "www.dchifi.com"
78.137.16.78 - - [30/Jul/2010:01:30:18 -0700] "GET /nuke/modules.php?name=Statistics&op=DailyStats&year=2009&month=10&date=26 HTTP/1.0" 200 29175 "http://badangaq.surge8.com/sitemap.html" "Mozilla/4.0 (compatible; MSIE 6.0; Windows NT 5.1; ru) Opera 8.01" "www.dchifi.com"
78.137.16.78 - - [30/Jul/2010:01:30:20 -0700] "GET /nuke/modules.php?name=Statistics&op=DailyStats&year=2009&month=10&date=26 HTTP/1.0" 200 29175 "http://badangaq.surge8.com/sitemap.html" "Mozilla/4.0 (compatible; MSIE 6.0; MSIE 5.5; Windows NT 5.0) Opera 7.02 Bork-edition [en]" "www.dchifi.com"
78.137.16.78 - - [30/Jul/2010:01:30:21 -0700] "GET /nuke/modules.php?name=Statistics&op=DailyStats&year=2009&month=10&date=26 HTTP/1.0" 200 29175 "http://badangaq.surge8.com/sitemap.html" "Mozilla/4.7 (compatible; OffByOne; Windows 2000) Webster Pro V3.4" "www.dchifi.com"
78.137.16.78 - - [30/Jul/2010:01:30:23 -0700] "GET /nuke/modules.php?name=Statistics&op=DailyStats&year=2009&month=10&date=26 HTTP/1.0" 200 29175 "http://badangaq.surge8.com/sitemap.html" "Mozilla/4.0 (compatible; MSIE 4.01; Digital AlphaServer 1000A 4/233; Windows NT; Powered By 64-Bit Alpha Processor)" "www.dchifi.com"
78.137.16.78 - - [30/Jul/2010:01:30:24 -0700] "GET /nuke/modules.php?name=Statistics&op=DailyStats&year=2009&month=10&date=26 HTTP/1.0" 200 29175 "http://badangaq.surge8.com/sitemap.html" "Opera/8.01 (Windows NT 5.1)" "www.dchifi.com"
95.108.244.252 - - [30/Jul/2010:01:30:48 -0700] "GET /nuke/modules.php?name=Statistics&op=DailyStats&year=2008&month=10&date=25 HTTP/1.1" 200 3975 "-" "Mozilla/5.0 (compatible; YandexBot/3.0; +http://yandex.com/bots)" "www.dchifi.com"
78.137.16.78 - - [30/Jul/2010:01:38:48 -0700] "GET /nuke/modules.php?name=Statistics&op=DailyStats&year=2009&month=10&date=26 HTTP/1.0" 200 29175 "http://secret4uq.surge8.com/sitemap.html" "Mozilla/4.0 (compatible; MSIE 4.01; Digital AlphaServer 1000A 4/233; Windows NT; Powered By 64-Bit Alpha Processor)" "www.dchifi.com"
78.137.16.78 - - [30/Jul/2010:01:38:49 -0700] "GET /nuke/modules.php?name=Statistics&op=DailyStats&year=2009&month=10&date=26 HTTP/1.0" 200 29175 "http://secret4uq.surge8.com/sitemap.html" "Mozilla/4.0 (compatible; MSIE 6.0; Windows NT 5.1; ru) Opera 8.50" "www.dchifi.com"
78.137.16.78 - - [30/Jul/2010:01:38:50 -0700] "GET /nuke/modules.php?name=Statistics&op=DailyStats&year=2009&month=10&date=26 HTTP/1.0" 200 29175 "http://secret4uq.surge8.com/sitemap.html" "Opera/7.54 (Windows NT 5.1; U) [pl]" "www.dchifi.com"
78.137.16.78 - - [30/Jul/2010:01:38:51 -0700] "GET /nuke/modules.php?name=Statistics&op=DailyStats&year=2009&month=10&date=26 HTTP/1.0" 200 29175 "http://secret4uq.surge8.com/sitemap.html" "Mozilla/4.0 (compatible; MSIE 6.0; Windows NT 5.1; SV1; .NET CLR 1.1.4322)" "www.dchifi.com"
78.137.16.78 - - [30/Jul/2010:01:38:52 -0700] "GET /nuke/modules.php?name=Statistics&op=DailyStats&year=2009&month=10&date=26 HTTP/1.0" 200 29175 "http://secret4uq.surge8.com/sitemap.html" "Mozilla/4.0 (compatible; MSIE 6.0; Windows NT 5.1; FREE; .NET CLR 1.1.4322)" "www.dchifi.com"
78.137.16.78 - - [30/Jul/2010:01:49:36 -0700] "GET /nuke/modules.php?name=Statistics&op=DailyStats&year=2009&month=10&date=26 HTTP/1.0" 200 29175 "http://seksphoneq.surge8.com/sitemap.html" "Mozilla/4.0 (compatible; MSIE 5.0; Windows NT; DigExt)" "www.dchifi.com"
78.137.16.78 - - [30/Jul/2010:01:49:38 -0700] "GET /nuke/modules.php?name=Statistics&op=DailyStats&year=2009&month=10&date=26 HTTP/1.0" 200 29175 "http://seksphoneq.surge8.com/sitemap.html" "Opera/9.00 (Windows NT 5.1; U; ru)" "www.dchifi.com"
78.137.16.78 - - [30/Jul/2010:01:49:38 -0700] "GET /nuke/modules.php?name=Statistics&op=DailyStats&year=2009&month=10&date=26 HTTP/1.0" 200 29175 "http://seksphoneq.surge8.com/sitemap.html" "Mozilla/4.0 (compatible; MSIE 6.0; Windows NT 5.1; SV1; .NET CLR 1.1.4322; XMPP Tiscali Communicator v.10.0.2; .NET CLR 2.0.50727)" "www.dchifi.com"
78.137.16.78 - - [30/Jul/2010:01:49:40 -0700] "GET /nuke/modules.php?name=Statistics&op=DailyStats&year=2009&month=10&date=26 HTTP/1.0" 200 29175 "http://seksphoneq.surge8.com/sitemap.html" "Mozilla/4.0 (compatible; MSIE 6.0; Windows NT 5.1; SV1; InfoPath.1" "www.dchifi.com"
78.137.16.78 - - [30/Jul/2010:01:49:41 -0700] "GET /nuke/modules.php?name=Statistics&op=DailyStats&year=2009&month=10&date=26 HTTP/1.0" 200 29175 "http://seksphoneq.surge8.com/sitemap.html" "Mozilla/4.0 (compatible; MSIE 6.0; Windows NT 5.0; KTXN)" "www.dchifi.com"
95.108.244.252 - - [30/Jul/2010:01:51:02 -0700] "GET /nuke/modules.php?name=Statistics&op=DailyStats&year=2008&month=10&date=27 HTTP/1.1" 200 3853 "-" "Mozilla/5.0 (compatible; YandexBot/3.0; +http://yandex.com/bots)" "www.dchifi.com"
78.137.16.78 - - [30/Jul/2010:02:00:11 -0700] "GET /nuke/modules.php?name=Statistics&op=DailyStats&year=2009&month=10&date=26 HTTP/1.0" 200 29175 "http://mloveq.surge8.com/sitemap.html" "Mozilla/6.0 (compatible; MSIE 7.0a1; Windows NT 5.2; SV1)" "www.dchifi.com"
78.137.16.78 - - [30/Jul/2010:02:00:13 -0700] "GET /nuke/modules.php?name=Statistics&op=DailyStats&year=2009&month=10&date=26 HTTP/1.0" 200 29175 "http://mloveq.surge8.com/sitemap.html" "Mozilla/4.0 (compatible; MSIE 6.0; Windows NT 5.0)" "www.dchifi.com"
78.137.16.78 - - [30/Jul/2010:02:00:14 -0700] "GET /nuke/modules.php?name=Statistics&op=DailyStats&year=2009&month=10&date=26 HTTP/1.0" 200 29175 "http://mloveq.surge8.com/sitemap.html" "Mozilla/4.0 (compatible; MSIE 7.0b; Windows NT 6.0 ; .NET CLR 2.0.50215; SL Commerce Client v1.0; Tablet PC 2.0" "www.dchifi.com"
78.137.16.78 - - [30/Jul/2010:02:00:15 -0700] "GET /nuke/modules.php?name=Statistics&op=DailyStats&year=2009&month=10&date=26 HTTP/1.0" 200 29175 "http://mloveq.surge8.com/sitemap.html" "Mozilla/4.0 (compatible; MSIE 5.01; Windows 95; MSIECrawler)" "www.dchifi.com"
78.137.16.78 - - [30/Jul/2010:02:00:16 -0700] "GET /nuke/modules.php?name=Statistics&op=DailyStats&year=2009&month=10&date=26 HTTP/1.0" 200 29175 "http://mloveq.surge8.com/sitemap.html" "Mozilla/4.0 (compatible; MSIE 5.0; Windows NT; DigExt)" "www.dchifi.com"
95.108.244.252 - - [30/Jul/2010:02:10:18 -0700] "GET /logs/_vti_cnf/access_020729.log HTTP/1.1" 200 109 "-" "Mozilla/5.0 (compatible; YandexBot/3.0; +http://yandex.com/bots)" "www.dchifi.com"
78.137.16.78 - - [30/Jul/2010:02:11:23 -0700] "GET /nuke/modules.php?name=Statistics&op=DailyStats&year=2009&month=10&date=26 HTTP/1.0" 200 29175 "http://serdceedq.surge8.com/sitemap.html" "Mozilla/4.0 (compatible; MSIE 6.0; Windows NT 5.1; SV1; MRA 4.6 (build 01425); MRSPUTNIK 1, 5, 0, 19 SW)" "www.dchifi.com"
78.137.16.78 - - [30/Jul/2010:02:11:25 -0700] "GET /nuke/modules.php?name=Statistics&op=DailyStats&year=2009&month=10&date=26 HTTP/1.0" 200 29175 "http://serdceedq.surge8.com/sitemap.html" "Mozilla/4.0 (compatible; MSIE 6.0; Windows NT 5.2; WOW64; SV1; .NET CLR 2.0.50727)" "www.dchifi.com"
78.137.16.78 - - [30/Jul/2010:02:11:26 -0700] "GET /nuke/modules.php?name=Statistics&op=DailyStats&year=2009&month=10&date=26 HTTP/1.0" 200 29175 "http://serdceedq.surge8.com/sitemap.html" "Mozilla/6.0 (compatible; MSIE 7.0a1; Windows NT 5.2; SV1)" "www.dchifi.com"
78.137.16.78 - - [30/Jul/2010:02:11:27 -0700] "GET /nuke/modules.php?name=Statistics&op=DailyStats&year=2009&month=10&date=26 HTTP/1.0" 200 29175 "http://serdceedq.surge8.com/sitemap.html" "Mozilla/3.0 (compatible; WebCapture 2.0; Auto; Windows)" "www.dchifi.com"
78.137.16.78 - - [30/Jul/2010:02:11:28 -0700] "GET /nuke/modules.php?name=Statistics&op=DailyStats&year=2009&month=10&date=26 HTTP/1.0" 200 29175 "http://serdceedq.surge8.com/sitemap.html" "Mozilla/4.0 (compatible; MSIE 6.0; Windows 98; Win 9x 4.90; Creative)" "www.dchifi.com"
78.137.16.78 - - [30/Jul/2010:02:26:06 -0700] "GET /nuke/modules.php?name=Statistics&op=DailyStats&year=2009&month=10&date=26 HTTP/1.0" 200 29175 "http://nashchatq.surge8.com/sitemap.html" "Mozilla/4.0 (compatible- MSIE 6.0- Windows NT 5.1- SV1- .NET CLR 1.1.4322" "www.dchifi.com"
78.137.16.78 - - [30/Jul/2010:02:26:08 -0700] "GET /nuke/modules.php?name=Statistics&op=DailyStats&year=2009&month=10&date=26 HTTP/1.0" 200 29175 "http://nashchatq.surge8.com/sitemap.html" "Mozilla/4.0 (compatible; MSIE 6.0; Windows NT 5.1; SV1; .NET CLR 1.1.4322)" "www.dchifi.com"
78.137.16.78 - - [30/Jul/2010:02:26:12 -0700] "GET /nuke/modules.php?name=Statistics&op=DailyStats&year=2009&month=10&date=26 HTTP/1.0" 200 29175 "http://nashchatq.surge8.com/sitemap.html" "Opera/9.0 (Windows NT 5.1; U; en)" "www.dchifi.com"
78.137.16.78 - - [30/Jul/2010:02:26:13 -0700] "GET /nuke/modules.php?name=Statistics&op=DailyStats&year=2009&month=10&date=26 HTTP/1.0" 200 29175 "http://nashchatq.surge8.com/sitemap.html" "Mozilla/4.0 (compatible; MSIE 6.0; Windows NT 5.1; SV1; FunWebProducts)" "www.dchifi.com"
95.108.244.252 - - [30/Jul/2010:02:26:15 -0700] "GET /nuke/modules.php?name=Statistics&op=DailyStats&year=2010&month=2&date=17 HTTP/1.1" 200 3976 "-" "Mozilla/5.0 (compatible; YandexBot/3.0; +http://yandex.com/bots)" "www.dchifi.com"
78.137.16.78 - - [30/Jul/2010:02:26:15 -0700] "GET /nuke/modules.php?name=Statistics&op=DailyStats&year=2009&month=10&date=26 HTTP/1.0" 200 29175 "http://nashchatq.surge8.com/sitemap.html" "Mozilla/4.0 (compatible; MSIE 6.0; Windows NT) ::ELNSB50::000061100320025802a00111000000000507000900000000" "www.dchifi.com"
78.137.16.78 - - [30/Jul/2010:02:38:22 -0700] "GET /nuke/modules.php?name=Statistics&op=DailyStats&year=2009&month=10&date=26 HTTP/1.0" 200 29175 "http://russianchatq.surge8.com/sitemap.html" "Mozilla/4.0 (compatible; MSIE 6.0; Windows NT 5.1; FREE; .NET CLR 1.1.4322)" "www.dchifi.com"
78.137.16.78 - - [30/Jul/2010:02:38:24 -0700] "GET /nuke/modules.php?name=Statistics&op=DailyStats&year=2009&month=10&date=26 HTTP/1.0" 200 29175 "http://russianchatq.surge8.com/sitemap.html" "Mozilla/4.0 (compatible; MSIE 5.01; Windows 95; MSIECrawler)" "www.dchifi.com"
78.137.16.78 - - [30/Jul/2010:02:38:26 -0700] "GET /nuke/modules.php?name=Statistics&op=DailyStats&year=2009&month=10&date=26 HTTP/1.0" 200 29175 "http://russianchatq.surge8.com/sitemap.html" "Mozilla/4.0 (compatible; MSIE 5.5; Windows NT 5.0; T312461)" "www.dchifi.com"
78.137.16.78 - - [30/Jul/2010:02:38:28 -0700] "GET /nuke/modules.php?name=Statistics&op=DailyStats&year=2009&month=10&date=26 HTTP/1.0" 200 29175 "http://russianchatq.surge8.com/sitemap.html" "Mozilla/4.0 (compatible; MSIE 6.0; Windows NT 5.1; ru) Opera 8.01" "www.dchifi.com"
78.137.16.78 - - [30/Jul/2010:02:38:29 -0700] "GET /nuke/modules.php?name=Statistics&op=DailyStats&year=2009&month=10&date=26 HTTP/1.0" 200 29175 "http://russianchatq.surge8.com/sitemap.html" "Mozilla/4.0 (compatible; MSIE 6.0; Windows NT 5.1; KKman2.0)" "www.dchifi.com"
67.195.37.89 - - [30/Jul/2010:02:40:39 -0700] "GET /robots.txt HTTP/1.0" 404 - "-" "Mozilla/5.0 (compatible; Yahoo! Slurp; http://help.yahoo.com/help/us/ysearch/slurp)" "dchifi.com"
67.195.37.89 - - [30/Jul/2010:02:40:41 -0700] "GET /admin/ HTTP/1.0" 200 2498 "-" "Mozilla/5.0 (compatible; Yahoo! Slurp/3.0; http://help.yahoo.com/help/us/ysearch/slurp)" "dchifi.com"
95.108.244.252 - - [30/Jul/2010:02:42:03 -0700] "GET /nuke/modules.php?name=Statistics&op=DailyStats&year=2008&month=8&date=6 HTTP/1.1" 200 3960 "-" "Mozilla/5.0 (compatible; YandexBot/3.0; +http://yandex.com/bots)" "www.dchifi.com"
78.137.16.78 - - [30/Jul/2010:02:55:02 -0700] "GET /nuke/modules.php?name=Statistics&op=DailyStats&year=2009&month=10&date=26 HTTP/1.0" 200 29175 "http://komnata1q.surge8.com/sitemap.html" "Mozilla/4.0 (compatible; MSIE 6.0; Windows NT 5.1; .NET CLR 1.1.4322; Alexa Toolbar; (R1 1.5))" "www.dchifi.com"
78.137.16.78 - - [30/Jul/2010:02:55:03 -0700] "GET /nuke/modules.php?name=Statistics&op=DailyStats&year=2009&month=10&date=26 HTTP/1.0" 200 29175 "http://komnata1q.surge8.com/sitemap.html" "Mozilla/4.0 (compatible; MSIE 6.0; Windows NT 5.1; FREE; .NET CLR 1.1.4322)" "www.dchifi.com"
78.137.16.78 - - [30/Jul/2010:02:55:05 -0700] "GET /nuke/modules.php?name=Statistics&op=DailyStats&year=2009&month=10&date=26 HTTP/1.0" 200 29175 "http://komnata1q.surge8.com/sitemap.html" "Mozilla/4.0 (compatible; MSIE 6.0; Windows NT 5.1)" "www.dchifi.com"
78.137.16.78 - - [30/Jul/2010:02:55:06 -0700] "GET /nuke/modules.php?name=Statistics&op=DailyStats&year=2009&month=10&date=26 HTTP/1.0" 200 29175 "http://komnata1q.surge8.com/sitemap.html" "Mozilla/4.0 (compatible; MSIE 6.0; Windows NT 5.1; SV1; .NET CLR 1.1.4322) Babya Discoverer 8.0:" "www.dchifi.com"
78.137.16.78 - - [30/Jul/2010:02:55:07 -0700] "GET /nuke/modules.php?name=Statistics&op=DailyStats&year=2009&month=10&date=26 HTTP/1.0" 200 29175 "http://komnata1q.surge8.com/sitemap.html" "Mozilla/4.0 (compatible; MSIE 6.0; Windows NT 5.1; Crazy Browser 1.0.5)" "www.dchifi.com"
95.108.244.252 - - [30/Jul/2010:03:03:12 -0700] "GET /nuke/modules.php?name=Statistics&op=DailyStats&year=2009&month=1&date=29 HTTP/1.1" 200 3959 "-" "Mozilla/5.0 (compatible; YandexBot/3.0; +http://yandex.com/bots)" "www.dchifi.com"
78.137.16.78 - - [30/Jul/2010:03:08:00 -0700] "GET /nuke/modules.php?name=Statistics&op=DailyStats&year=2009&month=10&date=26 HTTP/1.0" 200 29175 "http://cekcznakomstvaq.surge8.com/sitemap.html" "Mozilla/4.0 (compatible; MSIE 6.0; Update a; AOL 6.0; Windows 98)" "www.dchifi.com"
78.137.16.78 - - [30/Jul/2010:03:08:01 -0700] "GET /nuke/modules.php?name=Statistics&op=DailyStats&year=2009&month=10&date=26 HTTP/1.0" 200 29175 "http://cekcznakomstvaq.surge8.com/sitemap.html" "Mozilla/4.0 (compatible; MSIE 6.0; America Online Browser 1.1; rev1.2; Windows NT 5.1; SV1; .NET CLR 1.1.4322)" "www.dchifi.com"
78.137.16.78 - - [30/Jul/2010:03:08:03 -0700] "GET /nuke/modules.php?name=Statistics&op=DailyStats&year=2009&month=10&date=26 HTTP/1.0" 200 29175 "http://cekcznakomstvaq.surge8.com/sitemap.html" "Mozilla/1.22 (compatible; MSIE 2.0; Windows 95)" "www.dchifi.com"
78.137.16.78 - - [30/Jul/2010:03:08:04 -0700] "GET /nuke/modules.php?name=Statistics&op=DailyStats&year=2009&month=10&date=26 HTTP/1.0" 200 29175 "http://cekcznakomstvaq.surge8.com/sitemap.html" "Mozilla/4.0 (compatible; MSIE 6.0; Windows NT 5.1; SV1; FunWebProducts; MRA 4.6 (build 01425); .NET CLR 1.1.4322; .NET CLR 2.0.50727)" "www.dchifi.com"
78.137.16.78 - - [30/Jul/2010:03:08:05 -0700] "GET /nuke/modules.php?name=Statistics&op=DailyStats&year=2009&month=10&date=26 HTTP/1.0" 200 29175 "http://cekcznakomstvaq.surge8.com/sitemap.html" "Mozilla/4.0 (compatible; MSIE 6.0; Windows NT 5.1; .NET CLR 1.0.3705)" "www.dchifi.com"
67.195.112.189 - - [30/Jul/2010:03:14:12 -0700] "GET /Animations/ HTTP/1.0" 200 1085 "-" "Mozilla/5.0 (compatible; Yahoo! Slurp/3.0; http://help.yahoo.com/help/us/ysearch/slurp)" "www.dchifi.com"
67.195.112.189 - - [30/Jul/2010:03:15:52 -0700] "GET /Animations/?D=A HTTP/1.0" 200 1085 "-" "Mozilla/5.0 (compatible; Yahoo! Slurp/3.0; http://help.yahoo.com/help/us/ysearch/slurp)" "www.dchifi.com"
78.137.16.78 - - [30/Jul/2010:03:20:48 -0700] "GET /nuke/modules.php?name=Statistics&op=DailyStats&year=2009&month=10&date=26 HTTP/1.0" 200 29175 "http://myseksnochq.surge8.com/sitemap.html" "Mozilla/6.0 (compatible; MSIE 7.0a1; Windows NT 5.2; SV1)" "www.dchifi.com"
78.137.16.78 - - [30/Jul/2010:03:20:50 -0700] "GET /nuke/modules.php?name=Statistics&op=DailyStats&year=2009&month=10&date=26 HTTP/1.0" 200 29175 "http://myseksnochq.surge8.com/sitemap.html" "Mozilla/4.0 (compatible; MSIE 6.0; Windows 98; Win 9x 4.90)" "www.dchifi.com"
78.137.16.78 - - [30/Jul/2010:03:20:51 -0700] "GET /nuke/modules.php?name=Statistics&op=DailyStats&year=2009&month=10&date=26 HTTP/1.0" 200 29175 "http://myseksnochq.surge8.com/sitemap.html" "Mozilla/4.0 (compatible; MSIE 5.0; Windows NT; DigExt)" "www.dchifi.com"
78.137.16.78 - - [30/Jul/2010:03:20:53 -0700] "GET /nuke/modules.php?name=Statistics&op=DailyStats&year=2009&month=10&date=26 HTTP/1.0" 200 29175 "http://myseksnochq.surge8.com/sitemap.html" "Mozilla/4.0 (compatible; MSIE 6.0; Windows NT 5.1; Maxthon; .NET CLR 1.1.4322)" "www.dchifi.com"
78.137.16.78 - - [30/Jul/2010:03:20:53 -0700] "GET /nuke/modules.php?name=Statistics&op=DailyStats&year=2009&month=10&date=26 HTTP/1.0" 200 29175 "http://myseksnochq.surge8.com/sitemap.html" "Mozilla/4.0 (compatible; MSIE 6.0; Windows NT) ::ELNSB50::000061100320025802a00111000000000507000900000000" "www.dchifi.com"
95.108.244.252 - - [30/Jul/2010:03:24:05 -0700] "GET /nuke/modules.php?name=Statistics&op=DailyStats&year=2009&month=4&date=27 HTTP/1.1" 200 3902 "-" "Mozilla/5.0 (compatible; YandexBot/3.0; +http://yandex.com/bots)" "www.dchifi.com"
78.137.16.78 - - [30/Jul/2010:03:31:36 -0700] "GET /nuke/modules.php?name=Statistics&op=DailyStats&year=2009&month=10&date=26 HTTP/1.0" 200 29175 "http://senovalq.surge8.com/sitemap.html" "Mozilla/4.0 (compatible; MSIE 6.0; Windows NT 5.2; WOW64; SV1; .NET CLR 2.0.50727)" "www.dchifi.com"
78.137.16.78 - - [30/Jul/2010:03:31:38 -0700] "GET /nuke/modules.php?name=Statistics&op=DailyStats&year=2009&month=10&date=26 HTTP/1.0" 200 29175 "http://senovalq.surge8.com/sitemap.html" "Mozilla/4.0 (compatible; MSIE 6.0; Windows NT 5.2; WOW64; SV1; .NET CLR 2.0.50727)" "www.dchifi.com"
78.137.16.78 - - [30/Jul/2010:03:31:39 -0700] "GET /nuke/modules.php?name=Statistics&op=DailyStats&year=2009&month=10&date=26 HTTP/1.0" 200 29175 "http://senovalq.surge8.com/sitemap.html" "Mozilla/4.0 (compatible; MSIE 6.0; Windows NT 5.0; Avant Browser [avantbrowser.com]; Hotbar 4.4.5.0)" "www.dchifi.com"
78.137.16.78 - - [30/Jul/2010:03:31:40 -0700] "GET /nuke/modules.php?name=Statistics&op=DailyStats&year=2009&month=10&date=26 HTTP/1.0" 200 29175 "http://senovalq.surge8.com/sitemap.html" "Mozilla/4.0 (compatible; MSIE 6.0; Windows NT 5.1; Q312461)" "www.dchifi.com"
78.137.16.78 - - [30/Jul/2010:03:31:41 -0700] "GET /nuke/modules.php?name=Statistics&op=DailyStats&year=2009&month=10&date=26 HTTP/1.0" 200 29175 "http://senovalq.surge8.com/sitemap.html" "Mozilla/4.0 (compatible; MSIE 6.0; Windows NT 5.0; APC; .NET CLR 1.0.3705; .NET CLR 1.1.4322; .NET CLR 2.0.50215; InfoPath.1)" "www.dchifi.com"
78.137.16.78 - - [30/Jul/2010:03:42:25 -0700] "GET /nuke/modules.php?name=Statistics&op=DailyStats&year=2009&month=10&date=26 HTTP/1.0" 200 29175 "http://portalseksq.surge8.com/sitemap.html" "Mozilla/4.0 (compatible; MSIE 6.0; Windows NT 5.1; SV1; Crazy Browser 2.0.0 Beta 1; .NET CLR 1.0.3705; .NET CLR 1.1.4322)" "www.dchifi.com"
78.137.16.78 - - [30/Jul/2010:03:42:27 -0700] "GET /nuke/modules.php?name=Statistics&op=DailyStats&year=2009&month=10&date=26 HTTP/1.0" 200 29175 "http://portalseksq.surge8.com/sitemap.html" "Mozilla/4.0 (compatible; MSIE 5.5; Windows 95)" "www.dchifi.com"
78.137.16.78 - - [30/Jul/2010:03:42:29 -0700] "GET /nuke/modules.php?name=Statistics&op=DailyStats&year=2009&month=10&date=26 HTTP/1.0" 200 29175 "http://portalseksq.surge8.com/sitemap.html" "Mozilla/4.0 (compatible; MSIE 6.0; Windows NT 5.1; Crazy Browser 1.0.5)" "www.dchifi.com"
78.137.16.78 - - [30/Jul/2010:03:42:30 -0700] "GET /nuke/modules.php?name=Statistics&op=DailyStats&year=2009&month=10&date=26 HTTP/1.0" 200 29175 "http://portalseksq.surge8.com/sitemap.html" "Opera/9.00 (Windows NT 4.0; U; en)" "www.dchifi.com"
78.137.16.78 - - [30/Jul/2010:03:42:30 -0700] "GET /nuke/modules.php?name=Statistics&op=DailyStats&year=2009&month=10&date=26 HTTP/1.0" 200 29175 "http://portalseksq.surge8.com/sitemap.html" "Mozilla/4.0 (compatible; MSIE 6.0; Windows NT 5.1; SV1; .NET CLR 1.1.4322)" "www.dchifi.com"
95.108.244.252 - - [30/Jul/2010:03:45:04 -0700] "GET /nuke/modules.php?name=Statistics&op=DailyStats&year=2008&month=3&date=26 HTTP/1.1" 200 3879 "-" "Mozilla/5.0 (compatible; YandexBot/3.0; +http://yandex.com/bots)" "www.dchifi.com"
78.137.16.78 - - [30/Jul/2010:03:51:50 -0700] "GET /nuke/modules.php?name=Statistics&op=DailyStats&year=2009&month=10&date=26 HTTP/1.0" 200 29175 "http://iloveq.surge8.com/sitemap.html" "Mozilla/5.0 (Windows NT 5.1; U; en) Opera 8.01" "www.dchifi.com"
78.137.16.78 - - [30/Jul/2010:03:51:52 -0700] "GET /nuke/modules.php?name=Statistics&op=DailyStats&year=2009&month=10&date=26 HTTP/1.0" 200 29175 "http://iloveq.surge8.com/sitemap.html" "Mozilla/5.0 (Windows NT 5.1; U; en) Opera 8.01" "www.dchifi.com"
78.137.16.78 - - [30/Jul/2010:03:51:52 -0700] "GET /nuke/modules.php?name=Statistics&op=DailyStats&year=2009&month=10&date=26 HTTP/1.0" 200 29175 "http://iloveq.surge8.com/sitemap.html" "Opera/8.00 (Windows NT 5.1; U; en)" "www.dchifi.com"
78.137.16.78 - - [30/Jul/2010:03:51:53 -0700] "GET /nuke/modules.php?name=Statistics&op=DailyStats&year=2009&month=10&date=26 HTTP/1.0" 200 29175 "http://iloveq.surge8.com/sitemap.html" "Mozilla/4.0 (compatible; MSIE 6.0; Windows NT 5.1; .NET CLR 1.1.4322)" "www.dchifi.com"
78.137.16.78 - - [30/Jul/2010:03:51:55 -0700] "GET /nuke/modules.php?name=Statistics&op=DailyStats&year=2009&month=10&date=26 HTTP/1.0" 200 29175 "http://iloveq.surge8.com/sitemap.html" "Mozilla/4.0 (compatible; MSIE 6.0; Windows NT 5.0; Avant Browser [avantbrowser.com]; Hotbar 4.4.5.0)" "www.dchifi.com"
78.137.16.78 - - [30/Jul/2010:04:02:06 -0700] "GET /nuke/modules.php?name=Statistics&op=DailyStats&year=2009&month=10&date=26 HTTP/1.0" 200 29175 "http://loveplanetluxq.surge8.com/sitemap.html" "Mozilla/4.0 (compatible; MSIE 7.0; Windows NT 5.1; SV1; .NET CLR 2.0.50727)" "www.dchifi.com"
78.137.16.78 - - [30/Jul/2010:04:02:08 -0700] "GET /nuke/modules.php?name=Statistics&op=DailyStats&year=2009&month=10&date=26 HTTP/1.0" 200 29175 "http://loveplanetluxq.surge8.com/sitemap.html" "Mozilla/1.22 (compatible; MSIE 2.0; Windows 95)" "www.dchifi.com"
78.137.16.78 - - [30/Jul/2010:04:02:10 -0700] "GET /nuke/modules.php?name=Statistics&op=DailyStats&year=2009&month=10&date=26 HTTP/1.0" 200 29175 "http://loveplanetluxq.surge8.com/sitemap.html" "Mozilla/4.0 (compatible; MSIE 6.0; Windows NT 5.2; WOW64; SV1; .NET CLR 2.0.50727)" "www.dchifi.com"
78.137.16.78 - - [30/Jul/2010:04:02:11 -0700] "GET /nuke/modules.php?name=Statistics&op=DailyStats&year=2009&month=10&date=26 HTTP/1.0" 200 29175 "http://loveplanetluxq.surge8.com/sitemap.html" "Mozilla/4.76 [en] (Windows NT 5.0; U)" "www.dchifi.com"
78.137.16.78 - - [30/Jul/2010:04:02:11 -0700] "GET /nuke/modules.php?name=Statistics&op=DailyStats&year=2009&month=10&date=26 HTTP/1.0" 200 29175 "http://loveplanetluxq.surge8.com/sitemap.html" "Mozilla/1.22 (compatible; MSIE 2.0d; Windows NT)" "www.dchifi.com"
95.108.244.252 - - [30/Jul/2010:04:04:15 -0700] "GET /nuke/modules.php?name=Downloads&d_op=TopRated&ratenum=10&ratetype=num HTTP/1.1" 200 4523 "-" "Mozilla/5.0 (compatible; YandexBot/3.0; +http://yandex.com/bots)" "www.dchifi.com"
78.137.16.78 - - [30/Jul/2010:04:12:47 -0700] "GET /nuke/modules.php?name=Statistics&op=DailyStats&year=2009&month=10&date=26 HTTP/1.0" 200 29175 "http://poznakomlyq.surge8.com/sitemap.html" "Mozilla/4.0 (compatible; MSIE 6.0; Windows NT 5.1) Netscape/8.0.4" "www.dchifi.com"
78.137.16.78 - - [30/Jul/2010:04:12:49 -0700] "GET /nuke/modules.php?name=Statistics&op=DailyStats&year=2009&month=10&date=26 HTTP/1.0" 200 29175 "http://poznakomlyq.surge8.com/sitemap.html" "Mozilla/4.0 (compatible; MSIE 6.0; Windows NT 5.1)" "www.dchifi.com"
78.137.16.78 - - [30/Jul/2010:04:12:50 -0700] "GET /nuke/modules.php?name=Statistics&op=DailyStats&year=2009&month=10&date=26 HTTP/1.0" 200 29175 "http://poznakomlyq.surge8.com/sitemap.html" "Mozilla/4.0 (compatible; MSIE 6.0; Windows NT 5.1; Deepnet Explorer 1.5.0; .NET CLR 1.0.3705)" "www.dchifi.com"
78.137.16.78 - - [30/Jul/2010:04:12:51 -0700] "GET /nuke/modules.php?name=Statistics&op=DailyStats&year=2009&month=10&date=26 HTTP/1.0" 200 29175 "http://poznakomlyq.surge8.com/sitemap.html" "Mozilla/4.0 (compatible; MSIE 6.0; Windows NT 5.1; ru) Opera 8.01" "www.dchifi.com"
78.137.16.78 - - [30/Jul/2010:04:12:52 -0700] "GET /nuke/modules.php?name=Statistics&op=DailyStats&year=2009&month=10&date=26 HTTP/1.0" 200 29175 "http://poznakomlyq.surge8.com/sitemap.html" "Mozilla/4.0 (compatible; MSIE 6.0; Windows NT 5.2; WOW64; SV1; .NET CLR 2.0.50727)" "www.dchifi.com"
78.137.16.78 - - [30/Jul/2010:04:24:00 -0700] "GET /nuke/modules.php?name=Statistics&op=DailyStats&year=2009&month=10&date=26 HTTP/1.0" 200 29175 "http://spbnimfetkiq.surge8.com/sitemap.html" "Mozilla/4.0 (compatible; MSIE 6.0; Windows NT 5.1; MyIE2; Deepnet Explorer)" "www.dchifi.com"
78.137.16.78 - - [30/Jul/2010:04:24:02 -0700] "GET /nuke/modules.php?name=Statistics&op=DailyStats&year=2009&month=10&date=26 HTTP/1.0" 200 29175 "http://spbnimfetkiq.surge8.com/sitemap.html" "Mozilla/4.0 (compatible; MSIE 6.0; Windows XP)" "www.dchifi.com"
78.137.16.78 - - [30/Jul/2010:04:24:04 -0700] "GET /nuke/modules.php?name=Statistics&op=DailyStats&year=2009&month=10&date=26 HTTP/1.0" 200 29175 "http://spbnimfetkiq.surge8.com/sitemap.html" "Mozilla/4.0 (compatible; MSIE 6.0; Windows NT 5.1) Netscape/8.0.4" "www.dchifi.com"
95.108.244.252 - - [30/Jul/2010:04:24:04 -0700] "GET /nuke/modules.php?name=Statistics&op=DailyStats&year=2008&month=11&date=8 HTTP/1.1" 200 3955 "-" "Mozilla/5.0 (compatible; YandexBot/3.0; +http://yandex.com/bots)" "www.dchifi.com"
78.137.16.78 - - [30/Jul/2010:04:24:05 -0700] "GET /nuke/modules.php?name=Statistics&op=DailyStats&year=2009&month=10&date=26 HTTP/1.0" 200 29175 "http://spbnimfetkiq.surge8.com/sitemap.html" "Mozilla/4.0 (compatible; MSIE 6.0; Windows NT 5.1; Deepnet Explorer 1.5.0; .NET CLR 1.0.3705)" "www.dchifi.com"
78.137.16.78 - - [30/Jul/2010:04:24:05 -0700] "GET /nuke/modules.php?name=Statistics&op=DailyStats&year=2009&month=10&date=26 HTTP/1.0" 200 29175 "http://spbnimfetkiq.surge8.com/sitemap.html" "Mozilla/4.0 (compatible; MSIE 6.0; Windows NT 5.1; ru) Opera 8.01" "www.dchifi.com"
123.28.86.252 - - [30/Jul/2010:04:31:07 -0700] "GET /nuke/modules.php?name=Statistics&op=DailyStats&year=2010&month=2&date=16 HTTP/1.0" 200 29268 "http://uqzrio.linkpc.net/" "Mozilla/4.0 (compatible; MSIE 5.0; Windows 2000) Opera 6.0 [en]" "www.dchifi.com"
59.159.251.47 - - [30/Jul/2010:04:31:14 -0700] "GET /nuke/modules.php?name=Statistics&op=DailyStats&year=2010&month=2&date=16 HTTP/1.0" 200 29268 "http://uqzrio.linkpc.net/" "Mozilla/4.0 (compatible; MSIE 6.0; Windows NT 5.1; SV1; .NET CLR 1.1.4322; .NET CLR 2.0.50727)" "www.dchifi.com"
41.228.216.123 - - [30/Jul/2010:04:31:18 -0700] "GET /nuke/modules.php?name=Statistics&op=DailyStats&year=2010&month=2&date=16 HTTP/1.0" 200 29268 "http://uqzrio.linkpc.net/" "Opera/9.01 (Windows NT 5.1; U; en)" "www.dchifi.com"
78.137.16.78 - - [30/Jul/2010:04:34:49 -0700] "GET /nuke/modules.php?name=Statistics&op=DailyStats&year=2009&month=10&date=26 HTTP/1.0" 200 29175 "http://justseksq.surge8.com/sitemap.html" "Mozilla/5.0 (Windows NT 5.1; U; en) Opera 8.01" "www.dchifi.com"
78.137.16.78 - - [30/Jul/2010:04:34:51 -0700] "GET /nuke/modules.php?name=Statistics&op=DailyStats&year=2009&month=10&date=26 HTTP/1.0" 200 29175 "http://justseksq.surge8.com/sitemap.html" "Mozilla/4.0 (compatible; MSIE 6.0; Windows NT 5.1; SV1; FunWebProducts)" "www.dchifi.com"
78.137.16.78 - - [30/Jul/2010:04:34:52 -0700] "GET /nuke/modules.php?name=Statistics&op=DailyStats&year=2009&month=10&date=26 HTTP/1.0" 200 29175 "http://justseksq.surge8.com/sitemap.html" "Mozilla/4.0 (compatible; MSIE 6.0; Windows NT 5.1; SV1; FunWebProducts)" "www.dchifi.com"
78.137.16.78 - - [30/Jul/2010:04:34:53 -0700] "GET /nuke/modules.php?name=Statistics&op=DailyStats&year=2009&month=10&date=26 HTTP/1.0" 200 29175 "http://justseksq.surge8.com/sitemap.html" "Mozilla/4.7 (compatible; OffByOne; Windows 2000) Webster Pro V3.4" "www.dchifi.com"
78.137.16.78 - - [30/Jul/2010:04:34:54 -0700] "GET /nuke/modules.php?name=Statistics&op=DailyStats&year=2009&month=10&date=26 HTTP/1.0" 200 29175 "http://justseksq.surge8.com/sitemap.html" "Mozilla/4.0 (compatible; MSIE 6.0; Windows NT 5.0; T312461)" "www.dchifi.com"
208.115.111.250 - - [30/Jul/2010:04:38:10 -0700] "GET /robots.txt HTTP/1.1" 404 - "-" "Mozilla/5.0 (compatible; DotBot/1.1; http://www.dotnetdotcom.org/, crawler@dotnetdotcom.org)" "www.dchifi.com"
67.195.112.189 - - [30/Jul/2010:04:42:17 -0700] "GET /robots.txt HTTP/1.0" 404 - "-" "Mozilla/5.0 (compatible; Yahoo! Slurp; http://help.yahoo.com/help/us/ysearch/slurp)" "www.dchifi.com"
67.195.112.189 - - [30/Jul/2010:04:42:18 -0700] "GET /Animations/?N=D HTTP/1.0" 200 1085 "-" "Mozilla/5.0 (compatible; Yahoo! Slurp/3.0; http://help.yahoo.com/help/us/ysearch/slurp)" "www.dchifi.com"
95.108.244.252 - - [30/Jul/2010:04:44:59 -0700] "GET /nuke/modules.php?name=Statistics&op=DailyStats&year=2008&month=11&date=12 HTTP/1.1" 200 3912 "-" "Mozilla/5.0 (compatible; YandexBot/3.0; +http://yandex.com/bots)" "www.dchifi.com"
78.137.16.78 - - [30/Jul/2010:04:45:10 -0700] "GET /nuke/modules.php?name=Statistics&op=DailyStats&year=2009&month=10&date=26 HTTP/1.0" 200 29175 "http://xxparniq.surge8.com/sitemap.html" "Mozilla/4.0 (compatible; MSIE 6.0; Windows NT 5.1; SV1; .NET CLR 1.1.4322) NS8/0.9.6" "www.dchifi.com"
78.137.16.78 - - [30/Jul/2010:04:45:11 -0700] "GET /nuke/modules.php?name=Statistics&op=DailyStats&year=2009&month=10&date=26 HTTP/1.0" 200 29175 "http://xxparniq.surge8.com/sitemap.html" "Mozilla/4.0 (compatible; MSIE 6.0; Windows NT 5.1; Deepnet Explorer 1.5.0; .NET CLR 1.0.3705)" "www.dchifi.com"
78.137.16.78 - - [30/Jul/2010:04:45:12 -0700] "GET /nuke/modules.php?name=Statistics&op=DailyStats&year=2009&month=10&date=26 HTTP/1.0" 200 29175 "http://xxparniq.surge8.com/sitemap.html" "Mozilla/4.0 (compatible; MSIE 6.0; Windows NT 5.1; MRA 4.6 (build 01425))" "www.dchifi.com"
78.137.16.78 - - [30/Jul/2010:04:45:14 -0700] "GET /nuke/modules.php?name=Statistics&op=DailyStats&year=2009&month=10&date=26 HTTP/1.0" 200 29175 "http://xxparniq.surge8.com/sitemap.html" "Mozilla/4.0 (compatible; MSIE 6.0; Windows NT 5.1; ru) Opera 8.50" "www.dchifi.com"
78.137.16.78 - - [30/Jul/2010:04:45:14 -0700] "GET /nuke/modules.php?name=Statistics&op=DailyStats&year=2009&month=10&date=26 HTTP/1.0" 200 29175 "http://xxparniq.surge8.com/sitemap.html" "Mozilla/4.0 (compatible; MSIE 6.0; Windows NT 5.2; Win64; AMD64)" "www.dchifi.com"
67.195.112.189 - - [30/Jul/2010:04:48:43 -0700] "GET /Animations/?M=A HTTP/1.0" 200 1085 "-" "Mozilla/5.0 (compatible; Yahoo! Slurp/3.0; http://help.yahoo.com/help/us/ysearch/slurp)" "www.dchifi.com"
78.137.16.78 - - [30/Jul/2010:04:55:35 -0700] "GET /nuke/modules.php?name=Statistics&op=DailyStats&year=2009&month=10&date=26 HTTP/1.0" 200 29175 "http://laventureq.surge8.com/sitemap.html" "Mozilla/4.0 (compatible; MSIE 6.0; Windows NT 5.2; Win64; x64; SV1; .NET CLR 2.0.50727)" "www.dchifi.com"
78.137.16.78 - - [30/Jul/2010:04:55:38 -0700] "GET /nuke/modules.php?name=Statistics&op=DailyStats&year=2009&month=10&date=26 HTTP/1.0" 200 29175 "http://laventureq.surge8.com/sitemap.html" "Mozilla/4.0 (compatible; MSIE 6.0; Windows NT 5.1; SV1; YPC 3.0.2; .NET CLR 1.1.4322; yplus 4.4.02b)" "www.dchifi.com"
78.137.16.78 - - [30/Jul/2010:04:55:40 -0700] "GET /nuke/modules.php?name=Statistics&op=DailyStats&year=2009&month=10&date=26 HTTP/1.0" 200 29175 "http://laventureq.surge8.com/sitemap.html" "Mozilla/4.0 (compatible; MSIE 6.0; America Online Browser 1.1; rev1.2; Windows NT 5.1; SV1; .NET CLR 1.1.4322)" "www.dchifi.com"
78.137.16.78 - - [30/Jul/2010:04:55:41 -0700] "GET /nuke/modules.php?name=Statistics&op=DailyStats&year=2009&month=10&date=26 HTTP/1.0" 200 29175 "http://laventureq.surge8.com/sitemap.html" "Mozilla/4.0 (compatible; MSIE 6.0; Windows NT 5.1; Maxthon; .NET CLR 1.1.4322)" "www.dchifi.com"
78.137.16.78 - - [30/Jul/2010:04:55:43 -0700] "GET /nuke/modules.php?name=Statistics&op=DailyStats&year=2009&month=10&date=26 HTTP/1.0" 200 29175 "http://laventureq.surge8.com/sitemap.html" "Mozilla/4.0 (compatible; MSIE 6.0; Update a; AOL 6.0; Windows 98)" "www.dchifi.com"
208.115.111.250 - - [30/Jul/2010:05:01:26 -0700] "GET /Eve_online/?D=A HTTP/1.1" 200 804 "-" "Mozilla/5.0 (compatible; DotBot/1.1; http://www.dotnetdotcom.org/, crawler@dotnetdotcom.org)" "www.dchifi.com"
208.115.111.250 - - [30/Jul/2010:05:01:27 -0700] "GET /Eve_online/?N=A HTTP/1.1" 200 804 "-" "Mozilla/5.0 (compatible; DotBot/1.1; http://www.dotnetdotcom.org/, crawler@dotnetdotcom.org)" "www.dchifi.com"
208.115.111.250 - - [30/Jul/2010:05:01:28 -0700] "GET /ebay/ HTTP/1.1" 200 654 "-" "Mozilla/5.0 (compatible; DotBot/1.1; http://www.dotnetdotcom.org/, crawler@dotnetdotcom.org)" "www.dchifi.com"
208.115.111.250 - - [30/Jul/2010:05:01:28 -0700] "GET /strongproducts/?D=A HTTP/1.1" 200 675 "-" "Mozilla/5.0 (compatible; DotBot/1.1; http://www.dotnetdotcom.org/, crawler@dotnetdotcom.org)" "www.dchifi.com"
208.115.111.250 - - [30/Jul/2010:05:01:29 -0700] "GET /strongproducts/?M=A HTTP/1.1" 200 675 "-" "Mozilla/5.0 (compatible; DotBot/1.1; http://www.dotnetdotcom.org/, crawler@dotnetdotcom.org)" "www.dchifi.com"
208.115.111.250 - - [30/Jul/2010:05:01:30 -0700] "GET /strongproducts/?S=A HTTP/1.1" 200 675 "-" "Mozilla/5.0 (compatible; DotBot/1.1; http://www.dotnetdotcom.org/, crawler@dotnetdotcom.org)" "www.dchifi.com"
