208.115.111.250 - - [30/Jul/2010:05:01:31 -0700] "GET /strongproducts/ebay/?D=A HTTP/1.1" 200 706 "-" "Mozilla/5.0 (compatible; DotBot/1.1; http://www.dotnetdotcom.org/, crawler@dotnetdotcom.org)" "www.dchifi.com"
208.115.111.250 - - [30/Jul/2010:05:01:32 -0700] "GET /strongproducts/ebay/?M=A HTTP/1.1" 200 706 "-" "Mozilla/5.0 (compatible; DotBot/1.1; http://www.dotnetdotcom.org/, crawler@dotnetdotcom.org)" "www.dchifi.com"
208.115.111.250 - - [30/Jul/2010:05:01:33 -0700] "GET /strongproducts/ebay/?N=A HTTP/1.1" 200 706 "-" "Mozilla/5.0 (compatible; DotBot/1.1; http://www.dotnetdotcom.org/, crawler@dotnetdotcom.org)" "www.dchifi.com"
208.115.111.250 - - [30/Jul/2010:05:01:34 -0700] "GET /strongproducts/ebay/?S=A HTTP/1.1" 200 706 "-" "Mozilla/5.0 (compatible; DotBot/1.1; http://www.dotnetdotcom.org/, crawler@dotnetdotcom.org)" "www.dchifi.com"
78.137.16.78 - - [30/Jul/2010:05:05:52 -0700] "GET /nuke/modules.php?name=Statistics&op=DailyStats&year=2009&month=10&date=26 HTTP/1.0" 200 29175 "http://absolutloveq.surge8.com/sitemap.html" "Mozilla/4.0 (compatible; MSIE 5.5; Windows 98)" "www.dchifi.com"
78.137.16.78 - - [30/Jul/2010:05:05:54 -0700] "GET /nuke/modules.php?name=Statistics&op=DailyStats&year=2009&month=10&date=26 HTTP/1.0" 200 29175 "http://absolutloveq.surge8.com/sitemap.html" "Mozilla/4.0 (compatible; MSIE 6.0; Windows NT 5.1; MRA 4.6 (build 01425))" "www.dchifi.com"
78.137.16.78 - - [30/Jul/2010:05:05:55 -0700] "GET /nuke/modules.php?name=Statistics&op=DailyStats&year=2009&month=10&date=26 HTTP/1.0" 200 29175 "http://absolutloveq.surge8.com/sitemap.html" "Mozilla/4.0 (compatible; MSIE 6.0; Windows NT 5.1; SV1; .NET CLR 1.1.4322) NS8/0.9.6" "www.dchifi.com"
78.137.16.78 - - [30/Jul/2010:05:05:56 -0700] "GET /nuke/modules.php?name=Statistics&op=DailyStats&year=2009&month=10&date=26 HTTP/1.0" 200 29175 "http://absolutloveq.surge8.com/sitemap.html" "Mozilla/4.0 (compatible; MSIE 6.0; Windows 98; Win 9x 4.90)" "www.dchifi.com"
78.137.16.78 - - [30/Jul/2010:05:05:57 -0700] "GET /nuke/modules.php?name=Statistics&op=DailyStats&year=2009&month=10&date=26 HTTP/1.0" 200 29175 "http://absolutloveq.surge8.com/sitemap.html" "Mozilla/4.0 (compatible; MSIE 6.0; Windows NT 5.2; Win64; AMD64)" "www.dchifi.com"
95.108.244.252 - - [30/Jul/2010:05:06:00 -0700] "GET /nuke/modules.php?name=Statistics&op=DailyStats&year=2009&month=1&date=14 HTTP/1.1" 200 3926 "-" "Mozilla/5.0 (compatible; YandexBot/3.0; +http://yandex.com/bots)" "www.dchifi.com"
78.137.16.78 - - [30/Jul/2010:05:15:38 -0700] "GET /nuke/modules.php?name=Statistics&op=DailyStats&year=2009&month=10&date=26 HTTP/1.0" 200 29175 "http://netseksq.surge8.com/sitemap.html" "Mozilla/4.0 (compatible; MSIE 6.0; Windows NT 5.1; en) Opera 8.00" "www.dchifi.com"
78.137.16.78 - - [30/Jul/2010:05:15:40 -0700] "GET /nuke/modules.php?name=Statistics&op=DailyStats&year=2009&month=10&date=26 HTTP/1.0" 200 29175 "http://netseksq.surge8.com/sitemap.html" "Mozilla/4.0 (compatible; MSIE 6.0; Windows NT 5.0; .NET CLR 1.0.3705; .NET CLR 1.1.4322)" "www.dchifi.com"
78.137.16.78 - - [30/Jul/2010:05:15:42 -0700] "GET /nuke/modules.php?name=Statistics&op=DailyStats&year=2009&month=10&date=26 HTTP/1.0" 200 29175 "http://netseksq.surge8.com/sitemap.html" "Mozilla/4.0 (compatible; MSIE 6.0; Windows NT 5.2; Win64; AMD64)" "www.dchifi.com"
78.137.16.78 - - [30/Jul/2010:05:15:43 -0700] "GET /nuke/modules.php?name=Statistics&op=DailyStats&year=2009&month=10&date=26 HTTP/1.0" 200 29175 "http://netseksq.surge8.com/sitemap.html" "Mozilla/4.0 (compatible; MSIE 6.0; Windows NT 5.1; SV1; .NET CLR 1.1.4322) NS8/0.9.6" "www.dchifi.com"
78.137.16.78 - - [30/Jul/2010:05:15:44 -0700] "GET /nuke/modules.php?name=Statistics&op=DailyStats&year=2009&month=10&date=26 HTTP/1.0" 200 29175 "http://netseksq.surge8.com/sitemap.html" "Mozilla/4.0 (compatible; MSIE 6.0; Windows NT 5.1)" "www.dchifi.com"
61.11.81.133 - - [30/Jul/2010:05:16:36 -0700] "GET /nuke/modules.php?name=Statistics&op=DailyStats&year=2010&month=2&date=16 HTTP/1.0" 200 29268 "http://btuqavjpy.linkpc.net/4/" "Mozilla/4.0 (compatible; MSIE 6.0; Windows NT 5.1; .NET CLR 1.1.4322; FDM)" "www.dchifi.com"
85.73.231.144 - - [30/Jul/2010:05:16:56 -0700] "GET /nuke/modules.php?name=Statistics&op=DailyStats&year=2010&month=2&date=16 HTTP/1.0" 200 29268 "http://btuqavjpy.linkpc.net/4/" "Mozilla/4.0 (compatible; MSIE 6.0; Windows NT 5.1; ru) Opera 8.01" "www.dchifi.com"
95.108.244.252 - - [30/Jul/2010:05:25:09 -0700] "GET /nuke/modules.php?name=Statistics&op=DailyStats&year=2009&month=11&date=29 HTTP/1.1" 200 3913 "-" "Mozilla/5.0 (compatible; YandexBot/3.0; +http://yandex.com/bots)" "www.dchifi.com"
78.137.16.78 - - [30/Jul/2010:05:25:34 -0700] "GET /nuke/modules.php?name=Statistics&op=DailyStats&year=2009&month=10&date=26 HTTP/1.0" 200 29175 "http://24datingq.surge8.com/sitemap.html" "Mozilla/4.0 (compatible; MSIE 5.5; Windows NT 4.0; .NET CLR 1.0.2914)" "www.dchifi.com"
78.137.16.78 - - [30/Jul/2010:05:25:36 -0700] "GET /nuke/modules.php?name=Statistics&op=DailyStats&year=2009&month=10&date=26 HTTP/1.0" 200 29175 "http://24datingq.surge8.com/sitemap.html" "Mozilla/4.0 (compatible; MSIE 6.0; Windows NT 5.0; Avant Browser [avantbrowser.com]; Hotbar 4.4.5.0)" "www.dchifi.com"
78.137.16.78 - - [30/Jul/2010:05:25:37 -0700] "GET /nuke/modules.php?name=Statistics&op=DailyStats&year=2009&month=10&date=26 HTTP/1.0" 200 29175 "http://24datingq.surge8.com/sitemap.html" "Mozilla/4.0 (compatible; MSIE 6.0; Windows NT 5.2; Win64; x64; SV1; .NET CLR 2.0.50727)" "www.dchifi.com"
78.137.16.78 - - [30/Jul/2010:05:25:38 -0700] "GET /nuke/modules.php?name=Statistics&op=DailyStats&year=2009&month=10&date=26 HTTP/1.0" 200 29175 "http://24datingq.surge8.com/sitemap.html" "Mozilla/4.0 (compatible; MSIE 6.0; Windows NT 5.1; SV1; .NET CLR 1.1.4322) Babya Discoverer 8.0:" "www.dchifi.com"
78.137.16.78 - - [30/Jul/2010:05:25:40 -0700] "GET /nuke/modules.php?name=Statistics&op=DailyStats&year=2009&month=10&date=26 HTTP/1.0" 200 29175 "http://24datingq.surge8.com/sitemap.html" "Mozilla/4.0 (compatible; MSIE 6.0; Windows NT 5.1; SV1; Crazy Browser 2.0.0 Beta 1; .NET CLR 1.0.3705; .NET CLR 1.1.4322)" "www.dchifi.com"
78.137.16.78 - - [30/Jul/2010:05:35:26 -0700] "GET /nuke/modules.php?name=Statistics&op=DailyStats&year=2009&month=10&date=26 HTTP/1.0" 200 29175 "http://xotimq.surge8.com/sitemap.html" "Mozilla/4.0 (compatible; MSIE 6.0; Windows NT 5.1; SV1; FunWebProducts)" "www.dchifi.com"
78.137.16.78 - - [30/Jul/2010:05:35:28 -0700] "GET /nuke/modules.php?name=Statistics&op=DailyStats&year=2009&month=10&date=26 HTTP/1.0" 200 29175 "http://xotimq.surge8.com/sitemap.html" "Mozilla/5.0 (Windows NT 5.1; U; en) Opera 8.01" "www.dchifi.com"
78.137.16.78 - - [30/Jul/2010:05:35:29 -0700] "GET /nuke/modules.php?name=Statistics&op=DailyStats&year=2009&month=10&date=26 HTTP/1.0" 200 29175 "http://xotimq.surge8.com/sitemap.html" "Mozilla/4.0 (compatible; MSIE 6.0; Windows NT 5.2; Win64; AMD64)" "www.dchifi.com"
78.137.16.78 - - [30/Jul/2010:05:35:30 -0700] "GET /nuke/modules.php?name=Statistics&op=DailyStats&year=2009&month=10&date=26 HTTP/1.0" 200 29175 "http://xotimq.surge8.com/sitemap.html" "Mozilla/4.61 [en] (X11; U; ) - BrowseX (2.0.0 Windows)" "www.dchifi.com"
78.137.16.78 - - [30/Jul/2010:05:35:31 -0700] "GET /nuke/modules.php?name=Statistics&op=DailyStats&year=2009&month=10&date=26 HTTP/1.0" 200 29175 "http://xotimq.surge8.com/sitemap.html" "Opera/9.00 (Windows NT 5.1; U; ru)" "www.dchifi.com"
95.108.244.252 - - [30/Jul/2010:05:44:41 -0700] "GET /nuke/modules.php?name=Statistics&op=DailyStats&year=2009&month=12&date=18 HTTP/1.1" 200 3924 "-" "Mozilla/5.0 (compatible; YandexBot/3.0; +http://yandex.com/bots)" "www.dchifi.com"
78.137.16.78 - - [30/Jul/2010:05:45:34 -0700] "GET /nuke/modules.php?name=Statistics&op=DailyStats&year=2009&month=10&date=26 HTTP/1.0" 200 29175 "http://flirtdosugq.surge8.com/sitemap.html" "Mozilla/4.0 (compatible; MSIE 6.0; Windows NT 5.1; SV1; .NET CLR 1.1.4322; .NET CLR 2.0.50727)" "www.dchifi.com"
78.137.16.78 - - [30/Jul/2010:05:45:35 -0700] "GET /nuke/modules.php?name=Statistics&op=DailyStats&year=2009&month=10&date=26 HTTP/1.0" 200 29175 "http://flirtdosugq.surge8.com/sitemap.html" "Mozilla/4.0 (compatible; MSIE 6.0; Windows NT 5.1)" "www.dchifi.com"
78.137.16.78 - - [30/Jul/2010:05:45:36 -0700] "GET /nuke/modules.php?name=Statistics&op=DailyStats&year=2009&month=10&date=26 HTTP/1.0" 200 29175 "http://flirtdosugq.surge8.com/sitemap.html" "Mozilla/4.0 (compatible; MSIE 6.0; Windows XP)" "www.dchifi.com"
78.137.16.78 - - [30/Jul/2010:05:45:37 -0700] "GET /nuke/modules.php?name=Statistics&op=DailyStats&year=2009&month=10&date=26 HTTP/1.0" 200 29175 "http://flirtdosugq.surge8.com/sitemap.html" "Mozilla/0.6 Beta (Windows)" "www.dchifi.com"
78.137.16.78 - - [30/Jul/2010:05:45:38 -0700] "GET /nuke/modules.php?name=Statistics&op=DailyStats&year=2009&month=10&date=26 HTTP/1.0" 200 29175 "http://flirtdosugq.surge8.com/sitemap.html" "Mozilla/4.0 (compatible; MSIE 6.0; Windows NT 5.0)" "www.dchifi.com"
78.137.16.78 - - [30/Jul/2010:05:54:12 -0700] "GET /nuke/modules.php?name=Statistics&op=DailyStats&year=2009&month=10&date=26 HTTP/1.0" 200 29175 "http://druganetq.surge8.com/sitemap.html" "Mozilla/4.0 (compatible; MSIE 5.5; Windows 98)" "www.dchifi.com"
78.137.16.78 - - [30/Jul/2010:05:54:13 -0700] "GET /nuke/modules.php?name=Statistics&op=DailyStats&year=2009&month=10&date=26 HTTP/1.0" 200 29175 "http://druganetq.surge8.com/sitemap.html" "Mozilla/1.22 (compatible; MSIE 2.0; Windows 95)" "www.dchifi.com"
78.137.16.78 - - [30/Jul/2010:05:54:14 -0700] "GET /nuke/modules.php?name=Statistics&op=DailyStats&year=2009&month=10&date=26 HTTP/1.0" 200 29175 "http://druganetq.surge8.com/sitemap.html" "Mozilla/4.0 (compatible; MSIE 6.0; Windows 98; Win 9x 4.90; Creative)" "www.dchifi.com"
78.137.16.78 - - [30/Jul/2010:05:54:16 -0700] "GET /nuke/modules.php?name=Statistics&op=DailyStats&year=2009&month=10&date=26 HTTP/1.0" 200 29175 "http://druganetq.surge8.com/sitemap.html" "Opera/7.54 (Windows NT 5.1; U) [pl]" "www.dchifi.com"
78.137.16.78 - - [30/Jul/2010:05:54:17 -0700] "GET /nuke/modules.php?name=Statistics&op=DailyStats&year=2009&month=10&date=26 HTTP/1.0" 200 29175 "http://druganetq.surge8.com/sitemap.html" "Mozilla/4.0 (compatible; MSIE 6.0; Windows NT 5.1; SV1; FunWebProducts; MRA 4.6 (build 01425); .NET CLR 1.1.4322; .NET CLR 2.0.50727)" "www.dchifi.com"
195.191.54.105 - - [30/Jul/2010:05:55:54 -0700] "GET /nuke/modules.php?name=Statistics&op=DailyStats&year=2010&month=2&date=16 HTTP/1.0" 200 29268 "http://uojcdepbqtir.linkpc.net/1/" "Mozilla/4.0 (compatible; MSIE 6.0; Windows NT 5.1; SV1; FunWebProducts)" "www.dchifi.com"
195.191.54.105 - - [30/Jul/2010:05:55:55 -0700] "GET /nuke/modules.php?name=Statistics&op=DailyStats&year=2010&month=2&date=16 HTTP/1.0" 200 29268 "http://uojcdepbqtir.linkpc.net/1/" "Opera/7.54 (Windows NT 5.1; U) [pl]" "www.dchifi.com"
78.137.16.78 - - [30/Jul/2010:06:03:02 -0700] "GET /nuke/modules.php?name=Statistics&op=DailyStats&year=2009&month=10&date=26 HTTP/1.0" 200 29175 "http://loveminskr.surge8.com/sitemap.html" "Mozilla/4.0 (compatible; MSIE 6.0; Windows NT 5.0; .NET CLR 1.0.3705; .NET CLR 1.1.4322)" "www.dchifi.com"
78.137.16.78 - - [30/Jul/2010:06:03:03 -0700] "GET /nuke/modules.php?name=Statistics&op=DailyStats&year=2009&month=10&date=26 HTTP/1.0" 200 29175 "http://loveminskr.surge8.com/sitemap.html" "Opera/9.00 (Windows NT 4.0; U; en)" "www.dchifi.com"
78.137.16.78 - - [30/Jul/2010:06:03:05 -0700] "GET /nuke/modules.php?name=Statistics&op=DailyStats&year=2009&month=10&date=26 HTTP/1.0" 200 29175 "http://loveminskr.surge8.com/sitemap.html" "Mozilla/4.0 (compatible; MSIE 6.0; Windows 98; Win 9x 4.90)" "www.dchifi.com"
78.137.16.78 - - [30/Jul/2010:06:03:06 -0700] "GET /nuke/modules.php?name=Statistics&op=DailyStats&year=2009&month=10&date=26 HTTP/1.0" 200 29175 "http://loveminskr.surge8.com/sitemap.html" "Mozilla/4.0 (compatible; MSIE 6.0; Windows NT 5.1; SV1; .NET CLR 1.1.4322)" "www.dchifi.com"
78.137.16.78 - - [30/Jul/2010:06:03:07 -0700] "GET /nuke/modules.php?name=Statistics&op=DailyStats&year=2009&month=10&date=26 HTTP/1.0" 200 29175 "http://loveminskr.surge8.com/sitemap.html" "Mozilla/4.0 (compatible; MSIE 5.5; Windows 98)" "www.dchifi.com"
95.108.244.252 - - [30/Jul/2010:06:03:56 -0700] "GET /nuke/modules.php?name=Statistics&op=DailyStats&year=2008&month=3&date=18 HTTP/1.1" 200 3896 "-" "Mozilla/5.0 (compatible; YandexBot/3.0; +http://yandex.com/bots)" "www.dchifi.com"
78.137.16.78 - - [30/Jul/2010:06:09:44 -0700] "GET /nuke/modules.php?name=Statistics&op=DailyStats&year=2009&month=10&date=26 HTTP/1.0" 200 29175 "http://odnoklassniki24r.surge8.com/sitemap.html" "Opera/8.00 (Windows NT 5.1; U; en)" "www.dchifi.com"
78.137.16.78 - - [30/Jul/2010:06:09:45 -0700] "GET /nuke/modules.php?name=Statistics&op=DailyStats&year=2009&month=10&date=26 HTTP/1.0" 200 29175 "http://odnoklassniki24r.surge8.com/sitemap.html" "Mozilla/4.0 (compatible; MSIE 6.0; Windows NT 5.0; .NET CLR 1.0.3705; .NET CLR 1.1.4322)" "www.dchifi.com"
78.137.16.78 - - [30/Jul/2010:06:09:46 -0700] "GET /nuke/modules.php?name=Statistics&op=DailyStats&year=2009&month=10&date=26 HTTP/1.0" 200 29175 "http://odnoklassniki24r.surge8.com/sitemap.html" "Mozilla/4.76 [en] (Windows NT 5.0; U)" "www.dchifi.com"
78.137.16.78 - - [30/Jul/2010:06:09:47 -0700] "GET /nuke/modules.php?name=Statistics&op=DailyStats&year=2009&month=10&date=26 HTTP/1.0" 200 29175 "http://odnoklassniki24r.surge8.com/sitemap.html" "Mozilla/4.0 (compatible; MSIE 4.01; Digital AlphaServer 1000A 4/233; Windows NT; Powered By 64-Bit Alpha Processor)" "www.dchifi.com"
78.137.16.78 - - [30/Jul/2010:06:09:49 -0700] "GET /nuke/modules.php?name=Statistics&op=DailyStats&year=2009&month=10&date=26 HTTP/1.0" 200 29175 "http://odnoklassniki24r.surge8.com/sitemap.html" "Opera/9.00 (Windows NT 5.1; U; ru)" "www.dchifi.com"
78.137.16.78 - - [30/Jul/2010:06:16:11 -0700] "GET /nuke/modules.php?name=Statistics&op=DailyStats&year=2009&month=10&date=26 HTTP/1.0" 200 29175 "http://lovebestr.surge8.com/sitemap.html" "Opera/9.00 (Windows NT 4.0; U; en)" "www.dchifi.com"
78.137.16.78 - - [30/Jul/2010:06:16:13 -0700] "GET /nuke/modules.php?name=Statistics&op=DailyStats&year=2009&month=10&date=26 HTTP/1.0" 200 29175 "http://lovebestr.surge8.com/sitemap.html" "Opera/9.00 (Windows NT 4.0; U; en)" "www.dchifi.com"
78.137.16.78 - - [30/Jul/2010:06:16:14 -0700] "GET /nuke/modules.php?name=Statistics&op=DailyStats&year=2009&month=10&date=26 HTTP/1.0" 200 29175 "http://lovebestr.surge8.com/sitemap.html" "Mozilla/4.61 [en] (X11; U; ) - BrowseX (2.0.0 Windows)" "www.dchifi.com"
78.137.16.78 - - [30/Jul/2010:06:16:15 -0700] "GET /nuke/modules.php?name=Statistics&op=DailyStats&year=2009&month=10&date=26 HTTP/1.0" 200 29175 "http://lovebestr.surge8.com/sitemap.html" "Mozilla/4.0 (compatible; MSIE 6.0; Windows NT 5.1; .NET CLR 1.0.3705)" "www.dchifi.com"
78.137.16.78 - - [30/Jul/2010:06:16:15 -0700] "GET /nuke/modules.php?name=Statistics&op=DailyStats&year=2009&month=10&date=26 HTTP/1.0" 200 29175 "http://lovebestr.surge8.com/sitemap.html" "Mozilla/3.0 (compatible; WebCapture 2.0; Auto; Windows)" "www.dchifi.com"
78.137.16.78 - - [30/Jul/2010:06:24:07 -0700] "GET /nuke/modules.php?name=Statistics&op=DailyStats&year=2009&month=10&date=26 HTTP/1.0" 200 29175 "http://flirtlistr.surge8.com/sitemap.html" "Opera/9.0 (Windows NT 5.1; U; en)" "www.dchifi.com"
78.137.16.78 - - [30/Jul/2010:06:24:08 -0700] "GET /nuke/modules.php?name=Statistics&op=DailyStats&year=2009&month=10&date=26 HTTP/1.0" 200 29175 "http://flirtlistr.surge8.com/sitemap.html" "Mozilla/3.0 (x86 [en] Windows NT 5.1; Sun)" "www.dchifi.com"
78.137.16.78 - - [30/Jul/2010:06:24:09 -0700] "GET /nuke/modules.php?name=Statistics&op=DailyStats&year=2009&month=10&date=26 HTTP/1.0" 200 29175 "http://flirtlistr.surge8.com/sitemap.html" "Mozilla/4.0 (compatible; MSIE 6.0; Windows NT 5.0; KTXN)" "www.dchifi.com"
78.137.16.78 - - [30/Jul/2010:06:24:11 -0700] "GET /nuke/modules.php?name=Statistics&op=DailyStats&year=2009&month=10&date=26 HTTP/1.0" 200 29175 "http://flirtlistr.surge8.com/sitemap.html" "Mozilla/4.0 (compatible; MSIE 5.5; Windows NT 5.0; T312461)" "www.dchifi.com"
78.137.16.78 - - [30/Jul/2010:06:24:12 -0700] "GET /nuke/modules.php?name=Statistics&op=DailyStats&year=2009&month=10&date=26 HTTP/1.0" 200 29175 "http://flirtlistr.surge8.com/sitemap.html" "Mozilla/4.0 (compatible; MSIE 5.0; Windows 3.1)" "www.dchifi.com"
95.108.244.252 - - [30/Jul/2010:06:24:21 -0700] "GET /nuke/modules.php?name=Statistics&op=DailyStats&year=2008&month=11&date=20 HTTP/1.1" 200 3968 "-" "Mozilla/5.0 (compatible; YandexBot/3.0; +http://yandex.com/bots)" "www.dchifi.com"
78.137.16.78 - - [30/Jul/2010:06:32:06 -0700] "GET /nuke/modules.php?name=Statistics&op=DailyStats&year=2009&month=10&date=26 HTTP/1.0" 200 29175 "http://kievseksr.surge8.com/sitemap.html" "Mozilla/4.0 (compatible- MSIE 6.0- Windows NT 5.1- SV1- .NET CLR 1.1.4322" "www.dchifi.com"
78.137.16.78 - - [30/Jul/2010:06:32:08 -0700] "GET /nuke/modules.php?name=Statistics&op=DailyStats&year=2009&month=10&date=26 HTTP/1.0" 200 29175 "http://kievseksr.surge8.com/sitemap.html" "Mozilla/4.0 (compatible; MSIE 6.0; Windows NT 5.0; .NET CLR 1.0.3705; .NET CLR 1.1.4322)" "www.dchifi.com"
78.137.16.78 - - [30/Jul/2010:06:32:09 -0700] "GET /nuke/modules.php?name=Statistics&op=DailyStats&year=2009&month=10&date=26 HTTP/1.0" 200 29175 "http://kievseksr.surge8.com/sitemap.html" "Mozilla/4.0 (compatible; MSIE 6.0; Windows NT 5.1; SV1; Media Center PC" "www.dchifi.com"
78.137.16.78 - - [30/Jul/2010:06:32:10 -0700] "GET /nuke/modules.php?name=Statistics&op=DailyStats&year=2009&month=10&date=26 HTTP/1.0" 200 29175 "http://kievseksr.surge8.com/sitemap.html" "Mozilla/4.0 (compatible; MSIE 6.0; Windows NT 5.1; SV1; .NET CLR 1.1.4322) NS8/0.9.6" "www.dchifi.com"
78.137.16.78 - - [30/Jul/2010:06:32:10 -0700] "GET /nuke/modules.php?name=Statistics&op=DailyStats&year=2009&month=10&date=26 HTTP/1.0" 200 29175 "http://kievseksr.surge8.com/sitemap.html" "Mozilla/4.0 (compatible; MSIE 6.0; Windows XP)" "www.dchifi.com"
88.229.122.13 - - [30/Jul/2010:06:35:53 -0700] "GET /nuke/modules.php?name=Statistics&op=DailyStats&year=2010&month=2&date=16 HTTP/1.0" 200 29268 "http://rojdmhyiuebt.linkpc.net/4/" "Mozilla/4.0 (compatible; MSIE 7.0b; Windows NT 6.0 ; .NET CLR 2.0.50215; SL Commerce Client v1.0; Tablet PC 2.0" "www.dchifi.com"
95.59.39.152 - - [30/Jul/2010:06:35:58 -0700] "GET /nuke/modules.php?name=Statistics&op=DailyStats&year=2010&month=2&date=16 HTTP/1.0" 200 29268 "http://rojdmhyiuebt.linkpc.net/4/" "Mozilla/4.0 (compatible; MSIE 6.0; Windows NT 5.1; Crazy Browser 1.0.5)" "www.dchifi.com"
195.191.54.105 - - [30/Jul/2010:06:36:04 -0700] "GET /www.dchifi.com/nuke/modules.php?name=Statistics&op=DailyStats&year=2010&month=2&date=16 HTTP/1.0" 404 - "http://rojdmhyiuebt.linkpc.net/4/" "Opera/9.00 (Windows NT 4.0; U; en)" "www.dchifi.com"
78.137.16.78 - - [30/Jul/2010:06:38:19 -0700] "GET /nuke/modules.php?name=Statistics&op=DailyStats&year=2009&month=10&date=26 HTTP/1.0" 200 29175 "http://kievseksr.surge8.com/sitemap.html" "Mozilla/4.0 (compatible; MSIE 5.01; Windows 95; MSIECrawler)" "www.dchifi.com"
78.137.16.78 - - [30/Jul/2010:06:38:20 -0700] "GET /nuke/modules.php?name=Statistics&op=DailyStats&year=2009&month=10&date=26 HTTP/1.0" 200 29175 "http://kievseksr.surge8.com/sitemap.html" "Mozilla/3.0 (x86 [en] Windows NT 5.1; Sun)" "www.dchifi.com"
78.137.16.78 - - [30/Jul/2010:06:38:21 -0700] "GET /nuke/modules.php?name=Statistics&op=DailyStats&year=2009&month=10&date=26 HTTP/1.0" 200 29175 "http://kievseksr.surge8.com/sitemap.html" "Mozilla/5.0 (Windows NT 5.1; U; en) Opera 8.01" "www.dchifi.com"
78.137.16.78 - - [30/Jul/2010:06:38:23 -0700] "GET /nuke/modules.php?name=Statistics&op=DailyStats&year=2009&month=10&date=26 HTTP/1.0" 200 29175 "http://kievseksr.surge8.com/sitemap.html" "Mozilla/4.0 (compatible; MSIE 6.0; Windows NT 5.1; FREE; .NET CLR 1.1.4322)" "www.dchifi.com"
78.137.16.78 - - [30/Jul/2010:06:38:24 -0700] "GET /nuke/modules.php?name=Statistics&op=DailyStats&year=2009&month=10&date=26 HTTP/1.0" 200 29175 "http://kievseksr.surge8.com/sitemap.html" "Mozilla/4.0 (compatible; MSIE 6.0; Windows NT 5.2; Win64; AMD64)" "www.dchifi.com"
95.108.244.252 - - [30/Jul/2010:06:43:29 -0700] "GET /nuke/modules.php?name=Statistics&op=DailyStats&year=2010&month=3&date=11 HTTP/1.1" 200 4028 "-" "Mozilla/5.0 (compatible; YandexBot/3.0; +http://yandex.com/bots)" "www.dchifi.com"
78.137.16.78 - - [30/Jul/2010:06:44:44 -0700] "GET /nuke/modules.php?name=Statistics&op=DailyStats&year=2009&month=10&date=26 HTTP/1.0" 200 29175 "http://atrahoner.free.bg/sitemap.html" "Opera/7.60 (Windows NT 5.2; U) [en] (IBM EVV/3.0/EAK01AG9/LE)" "www.dchifi.com"
78.137.16.78 - - [30/Jul/2010:06:44:46 -0700] "GET /nuke/modules.php?name=Statistics&op=DailyStats&year=2009&month=10&date=26 HTTP/1.0" 200 29175 "http://atrahoner.free.bg/sitemap.html" "Mozilla/4.0 (compatible; MSIE 6.0; Windows NT 5.1; SV1; FunWebProducts; MRA 4.6 (build 01425); .NET CLR 1.1.4322; .NET CLR 2.0.50727)" "www.dchifi.com"
78.137.16.78 - - [30/Jul/2010:06:44:46 -0700] "GET /nuke/modules.php?name=Statistics&op=DailyStats&year=2009&month=10&date=26 HTTP/1.0" 200 29175 "http://atrahoner.free.bg/sitemap.html" "Mozilla/4.0 (compatible; MSIE 6.0; Windows NT 5.1)" "www.dchifi.com"
78.137.16.78 - - [30/Jul/2010:06:44:48 -0700] "GET /nuke/modules.php?name=Statistics&op=DailyStats&year=2009&month=10&date=26 HTTP/1.0" 200 29175 "http://atrahoner.free.bg/sitemap.html" "Mozilla/4.0 (compatible; MSIE 6.0; Windows NT 5.1; SV1; .NET CLR 1.1.4322; .NET CLR 2.0.50727)" "www.dchifi.com"
78.137.16.78 - - [30/Jul/2010:06:44:49 -0700] "GET /nuke/modules.php?name=Statistics&op=DailyStats&year=2009&month=10&date=26 HTTP/1.0" 200 29175 "http://atrahoner.free.bg/sitemap.html" "Mozilla/2.0 (compatible; MSIE 3.02; Windows CE; 240x320)" "www.dchifi.com"
78.137.16.78 - - [30/Jul/2010:06:50:59 -0700] "GET /nuke/modules.php?name=Statistics&op=DailyStats&year=2009&month=10&date=26 HTTP/1.0" 200 29175 "http://btrahoner.free.bg/sitemap.html" "Mozilla/4.0 (compatible; MSIE 6.0; Windows NT 5.1; SV1; FunWebProducts; MRA 4.6 (build 01425); .NET CLR 1.1.4322; .NET CLR 2.0.50727)" "www.dchifi.com"
78.137.16.78 - - [30/Jul/2010:06:51:01 -0700] "GET /nuke/modules.php?name=Statistics&op=DailyStats&year=2009&month=10&date=26 HTTP/1.0" 200 29175 "http://btrahoner.free.bg/sitemap.html" "Mozilla/4.0 (compatible; MSIE 5.0; Windows 95) Opera 6.01 [en]" "www.dchifi.com"
78.137.16.78 - - [30/Jul/2010:06:51:02 -0700] "GET /nuke/modules.php?name=Statistics&op=DailyStats&year=2009&month=10&date=26 HTTP/1.0" 200 29175 "http://btrahoner.free.bg/sitemap.html" "Mozilla/4.0 (compatible; MSIE 6.0; Windows NT 5.1; SV1; YPC 3.0.2; .NET CLR 1.1.4322; yplus 4.4.02b)" "www.dchifi.com"
78.137.16.78 - - [30/Jul/2010:06:51:03 -0700] "GET /nuke/modules.php?name=Statistics&op=DailyStats&year=2009&month=10&date=26 HTTP/1.0" 200 29175 "http://btrahoner.free.bg/sitemap.html" "Mozilla/4.0 (compatible; MSIE 6.0; Update a; AOL 6.0; Windows 98)" "www.dchifi.com"
78.137.16.78 - - [30/Jul/2010:06:51:04 -0700] "GET /nuke/modules.php?name=Statistics&op=DailyStats&year=2009&month=10&date=26 HTTP/1.0" 200 29175 "http://btrahoner.free.bg/sitemap.html" "Opera/7.11 (Windows NT 5.1; U) [en]" "www.dchifi.com"
78.137.16.78 - - [30/Jul/2010:06:57:21 -0700] "GET /nuke/modules.php?name=Statistics&op=DailyStats&year=2009&month=10&date=26 HTTP/1.0" 200 29175 "http://ctrahoner.free.bg/sitemap.html" "Mozilla/4.0 (compatible; MSIE 6.0; Windows NT 5.1; .NET CLR 1.1.4322; Alexa Toolbar; (R1 1.5))" "www.dchifi.com"
78.137.16.78 - - [30/Jul/2010:06:57:22 -0700] "GET /nuke/modules.php?name=Statistics&op=DailyStats&year=2009&month=10&date=26 HTTP/1.0" 200 29175 "http://ctrahoner.free.bg/sitemap.html" "Mozilla/5.0 (Windows NT 5.1; U; en) Opera 8.01" "www.dchifi.com"
78.137.16.78 - - [30/Jul/2010:06:57:24 -0700] "GET /nuke/modules.php?name=Statistics&op=DailyStats&year=2009&month=10&date=26 HTTP/1.0" 200 29175 "http://ctrahoner.free.bg/sitemap.html" "Mozilla/4.0 (compatible; MSIE 6.0; Windows NT 5.1; ru) Opera 8.01" "www.dchifi.com"
78.137.16.78 - - [30/Jul/2010:06:57:25 -0700] "GET /nuke/modules.php?name=Statistics&op=DailyStats&year=2009&month=10&date=26 HTTP/1.0" 200 29175 "http://ctrahoner.free.bg/sitemap.html" "Mozilla/4.0 (compatible; MSIE 6.0; Windows 98; Win 9x 4.90)" "www.dchifi.com"
78.137.16.78 - - [30/Jul/2010:06:57:25 -0700] "GET /nuke/modules.php?name=Statistics&op=DailyStats&year=2009&month=10&date=26 HTTP/1.0" 200 29175 "http://ctrahoner.free.bg/sitemap.html" "Mozilla/4.0 (compatible; MSIE 6.0; Windows XP)" "www.dchifi.com"
78.137.16.78 - - [30/Jul/2010:07:03:48 -0700] "GET /nuke/modules.php?name=Statistics&op=DailyStats&year=2009&month=10&date=26 HTTP/1.0" 200 29175 "http://dtrahoner.free.bg/sitemap.html" "Mozilla/4.0 (compatible; MSIE 6.0; Windows NT 5.1; KKman2.0)" "www.dchifi.com"
78.137.16.78 - - [30/Jul/2010:07:03:50 -0700] "GET /nuke/modules.php?name=Statistics&op=DailyStats&year=2009&month=10&date=26 HTTP/1.0" 200 29175 "http://dtrahoner.free.bg/sitemap.html" "Mozilla/4.0 (compatible; MSIE 6.0; Windows NT 5.0)" "www.dchifi.com"
78.137.16.78 - - [30/Jul/2010:07:03:51 -0700] "GET /nuke/modules.php?name=Statistics&op=DailyStats&year=2009&month=10&date=26 HTTP/1.0" 200 29175 "http://dtrahoner.free.bg/sitemap.html" "Mozilla/4.0 (compatible; MSIE 5.5; Windows 95; BCD2000)" "www.dchifi.com"
78.137.16.78 - - [30/Jul/2010:07:03:52 -0700] "GET /nuke/modules.php?name=Statistics&op=DailyStats&year=2009&month=10&date=26 HTTP/1.0" 200 29175 "http://dtrahoner.free.bg/sitemap.html" "Mozilla/4.0 (compatible; Powermarks/3.5; Windows 95/98/2000/NT)" "www.dchifi.com"
78.137.16.78 - - [30/Jul/2010:07:03:54 -0700] "GET /nuke/modules.php?name=Statistics&op=DailyStats&year=2009&month=10&date=26 HTTP/1.0" 200 29175 "http://dtrahoner.free.bg/sitemap.html" "Mozilla/4.0 (compatible; MSIE 6.0; Windows NT 5.1)" "www.dchifi.com"
95.108.244.252 - - [30/Jul/2010:07:04:20 -0700] "GET /nuke/modules.php?name=Statistics&op=DailyStats&year=2007&month=11&date=26 HTTP/1.1" 200 3910 "-" "Mozilla/5.0 (compatible; YandexBot/3.0; +http://yandex.com/bots)" "www.dchifi.com"
78.137.16.78 - - [30/Jul/2010:07:10:07 -0700] "GET /nuke/modules.php?name=Statistics&op=DailyStats&year=2009&month=10&date=26 HTTP/1.0" 200 29175 "http://etrahoner.free.bg/sitemap.html" "Opera/8.01 (Windows NT 5.1)" "www.dchifi.com"
78.137.16.78 - - [30/Jul/2010:07:10:08 -0700] "GET /nuke/modules.php?name=Statistics&op=DailyStats&year=2009&month=10&date=26 HTTP/1.0" 200 29175 "http://etrahoner.free.bg/sitemap.html" "Mozilla/4.0 (compatible; MSIE 5.0; Windows NT; DigExt)" "www.dchifi.com"
78.137.16.78 - - [30/Jul/2010:07:10:08 -0700] "GET /nuke/modules.php?name=Statistics&op=DailyStats&year=2009&month=10&date=26 HTTP/1.0" 200 29175 "http://etrahoner.free.bg/sitemap.html" "Mozilla/2.0 (compatible; MSIE 3.02; Windows CE; 240x320)" "www.dchifi.com"
78.137.16.78 - - [30/Jul/2010:07:10:09 -0700] "GET /nuke/modules.php?name=Statistics&op=DailyStats&year=2009&month=10&date=26 HTTP/1.0" 200 29175 "http://etrahoner.free.bg/sitemap.html" "Mozilla/4.0 (compatible; MSIE 6.0; Windows NT 5.1; KKman2.0)" "www.dchifi.com"
78.137.16.78 - - [30/Jul/2010:07:10:10 -0700] "GET /nuke/modules.php?name=Statistics&op=DailyStats&year=2009&month=10&date=26 HTTP/1.0" 200 29175 "http://etrahoner.free.bg/sitemap.html" "Opera/9.00 (Windows NT 5.1; U; en)" "www.dchifi.com"
78.137.16.78 - - [30/Jul/2010:07:16:29 -0700] "GET /nuke/modules.php?name=Statistics&op=DailyStats&year=2009&month=10&date=26 HTTP/1.0" 200 29175 "http://ftrahoner.free.bg/sitemap.html" "Mozilla/4.0 (compatible; MSIE 6.0; Windows NT 5.1; SV1; .NET CLR 1.1.4322)" "www.dchifi.com"
78.137.16.78 - - [30/Jul/2010:07:16:30 -0700] "GET /nuke/modules.php?name=Statistics&op=DailyStats&year=2009&month=10&date=26 HTTP/1.0" 200 29175 "http://ftrahoner.free.bg/sitemap.html" "Mozilla/4.0 (compatible; MSIE 6.0; Windows NT 5.1; KKman2.0)" "www.dchifi.com"
78.137.16.78 - - [30/Jul/2010:07:16:31 -0700] "GET /nuke/modules.php?name=Statistics&op=DailyStats&year=2009&month=10&date=26 HTTP/1.0" 200 29175 "http://ftrahoner.free.bg/sitemap.html" "Mozilla/4.0 (compatible; MSIE 6.0; Windows NT 5.0; T312461)" "www.dchifi.com"
78.137.16.78 - - [30/Jul/2010:07:16:33 -0700] "GET /nuke/modules.php?name=Statistics&op=DailyStats&year=2009&month=10&date=26 HTTP/1.0" 200 29175 "http://ftrahoner.free.bg/sitemap.html" "Mozilla/4.0 (compatible; MSIE 6.0; Windows NT 5.1; SV1; MRA 4.6 (build 01425); MRSPUTNIK 1, 5, 0, 19 SW)" "www.dchifi.com"
78.137.16.78 - - [30/Jul/2010:07:16:34 -0700] "GET /nuke/modules.php?name=Statistics&op=DailyStats&year=2009&month=10&date=26 HTTP/1.0" 200 29175 "http://ftrahoner.free.bg/sitemap.html" "Mozilla/4.0 (compatible; MSIE 6.0; Windows NT 5.1; SV1; MRA 4.6 (build 01425); MRSPUTNIK 1, 5, 0, 19 SW)" "www.dchifi.com"
157.157.177.243 - - [30/Jul/2010:07:17:31 -0700] "GET /nuke/modules.php?name=Statistics&op=DailyStats&year=2010&month=2&date=16 HTTP/1.0" 200 29268 "http://oftujbisak.linkpc.net/4/" "Mozilla/4.0 (compatible; MSIE 6.0; Windows NT 5.1) Netscape/8.0.4" "www.dchifi.com"
92.11.191.212 - - [30/Jul/2010:07:17:33 -0700] "GET /nuke/modules.php?name=Statistics&op=DailyStats&year=2010&month=2&date=16 HTTP/1.0" 200 29268 "http://oftujbisak.linkpc.net/4/" "Opera/9.0 (Windows NT 5.1; U; en)" "www.dchifi.com"
119.153.173.173 - - [30/Jul/2010:07:17:36 -0700] "GET /nuke/modules.php?name=Statistics&op=DailyStats&year=2010&month=2&date=16 HTTP/1.0" 200 29268 "http://oftujbisak.linkpc.net/4/" "Opera/9.00 (Windows NT 5.1; U; ru)" "www.dchifi.com"
78.137.16.78 - - [30/Jul/2010:07:22:54 -0700] "GET /nuke/modules.php?name=Statistics&op=DailyStats&year=2009&month=10&date=26 HTTP/1.0" 200 29175 "http://gtrahoner.free.bg/sitemap.html" "Mozilla/4.0 (compatible; MSIE 6.0; Windows NT 5.1; MyIE2; Deepnet Explorer)" "www.dchifi.com"
78.137.16.78 - - [30/Jul/2010:07:22:56 -0700] "GET /nuke/modules.php?name=Statistics&op=DailyStats&year=2009&month=10&date=26 HTTP/1.0" 200 29175 "http://gtrahoner.free.bg/sitemap.html" "Mozilla/5.0 (Windows NT 5.1; U; en) Opera 8.01" "www.dchifi.com"
78.137.16.78 - - [30/Jul/2010:07:22:57 -0700] "GET /nuke/modules.php?name=Statistics&op=DailyStats&year=2009&month=10&date=26 HTTP/1.0" 200 29175 "http://gtrahoner.free.bg/sitemap.html" "Opera/7.60 (Windows NT 5.2; U) [en] (IBM EVV/3.0/EAK01AG9/LE)" "www.dchifi.com"
78.137.16.78 - - [30/Jul/2010:07:22:58 -0700] "GET /nuke/modules.php?name=Statistics&op=DailyStats&year=2009&month=10&date=26 HTTP/1.0" 200 29175 "http://gtrahoner.free.bg/sitemap.html" "Mozilla/2.0 (compatible; MSIE 3.02; Windows CE; 240x320)" "www.dchifi.com"
78.137.16.78 - - [30/Jul/2010:07:23:00 -0700] "GET /nuke/modules.php?name=Statistics&op=DailyStats&year=2009&month=10&date=26 HTTP/1.0" 200 29175 "http://gtrahoner.free.bg/sitemap.html" "Mozilla/4.0 (compatible; MSIE 6.0; Windows NT 5.1; SV1; .NET CLR 1.1.4322; .NET CLR 2.0.50727)" "www.dchifi.com"
78.137.16.78 - - [30/Jul/2010:07:29:11 -0700] "GET /nuke/modules.php?name=Statistics&op=DailyStats&year=2009&month=10&date=26 HTTP/1.0" 200 29175 "http://htrahoner.free.bg/sitemap.html" "Mozilla/4.0 (compatible; MSIE 6.0; Windows NT 5.1; MyIE2; Deepnet Explorer)" "www.dchifi.com"
78.137.16.78 - - [30/Jul/2010:07:29:13 -0700] "GET /nuke/modules.php?name=Statistics&op=DailyStats&year=2009&month=10&date=26 HTTP/1.0" 200 29175 "http://htrahoner.free.bg/sitemap.html" "Mozilla/4.0 (compatible; MSIE 6.0; Windows NT 5.0; Avant Browser [avantbrowser.com]; Hotbar 4.4.5.0)" "www.dchifi.com"
78.137.16.78 - - [30/Jul/2010:07:29:14 -0700] "GET /nuke/modules.php?name=Statistics&op=DailyStats&year=2009&month=10&date=26 HTTP/1.0" 200 29175 "http://htrahoner.free.bg/sitemap.html" "Mozilla/4.0 (compatible; MSIE 6.0; Windows NT 5.1)" "www.dchifi.com"
78.137.16.78 - - [30/Jul/2010:07:29:15 -0700] "GET /nuke/modules.php?name=Statistics&op=DailyStats&year=2009&month=10&date=26 HTTP/1.0" 200 29175 "http://htrahoner.free.bg/sitemap.html" "Mozilla/4.0 (compatible; MSIE 7.0; Windows NT 5.1; SV1; .NET CLR 2.0.50727)" "www.dchifi.com"
78.137.16.78 - - [30/Jul/2010:07:29:16 -0700] "GET /nuke/modules.php?name=Statistics&op=DailyStats&year=2009&month=10&date=26 HTTP/1.0" 200 29175 "http://htrahoner.free.bg/sitemap.html" "Mozilla/4.0 (compatible; MSIE 6.0; Windows NT 5.2; SV1; .NET CLR 1.1.4322; .NET CLR 2.0.50727)" "www.dchifi.com"
95.108.244.252 - - [30/Jul/2010:07:34:57 -0700] "GET /nuke/modules.php?name=Statistics&op=DailyStats&year=2008&month=11&date=21 HTTP/1.1" 200 3958 "-" "Mozilla/5.0 (compatible; YandexBot/3.0; +http://yandex.com/bots)" "www.dchifi.com"
78.137.16.78 - - [30/Jul/2010:07:35:36 -0700] "GET /nuke/modules.php?name=Statistics&op=DailyStats&year=2009&month=10&date=26 HTTP/1.0" 200 29175 "http://itrahoner.free.bg/sitemap.html" "Mozilla/4.0 (compatible; Powermarks/3.5; Windows 95/98/2000/NT)" "www.dchifi.com"
78.137.16.78 - - [30/Jul/2010:07:35:37 -0700] "GET /nuke/modules.php?name=Statistics&op=DailyStats&year=2009&month=10&date=26 HTTP/1.0" 200 29175 "http://itrahoner.free.bg/sitemap.html" "Mozilla/4.0 (compatible; MSIE 6.0; Windows NT 5.2; Win64; AMD64)" "www.dchifi.com"
78.137.16.78 - - [30/Jul/2010:07:35:39 -0700] "GET /nuke/modules.php?name=Statistics&op=DailyStats&year=2009&month=10&date=26 HTTP/1.0" 200 29175 "http://itrahoner.free.bg/sitemap.html" "Mozilla/4.0 (compatible; MSIE 6.0; Windows XP)" "www.dchifi.com"
78.137.16.78 - - [30/Jul/2010:07:35:39 -0700] "GET /nuke/modules.php?name=Statistics&op=DailyStats&year=2009&month=10&date=26 HTTP/1.0" 200 29175 "http://itrahoner.free.bg/sitemap.html" "Mozilla/4.0 (compatible; MSIE 6.0; Windows NT 5.1; SV1; Media Center PC" "www.dchifi.com"
78.137.16.78 - - [30/Jul/2010:07:35:40 -0700] "GET /nuke/modules.php?name=Statistics&op=DailyStats&year=2009&month=10&date=26 HTTP/1.0" 200 29175 "http://itrahoner.free.bg/sitemap.html" "Mozilla/4.0 (compatible; Powermarks/3.5; Windows 95/98/2000/NT)" "www.dchifi.com"
78.137.16.78 - - [30/Jul/2010:07:41:55 -0700] "GET /nuke/modules.php?name=Statistics&op=DailyStats&year=2009&month=10&date=26 HTTP/1.0" 200 29175 "http://jtrahoner.free.bg/sitemap.html" "Mozilla/4.76 [en] (Windows NT 5.0; U)" "www.dchifi.com"
78.137.16.78 - - [30/Jul/2010:07:41:57 -0700] "GET /nuke/modules.php?name=Statistics&op=DailyStats&year=2009&month=10&date=26 HTTP/1.0" 200 29175 "http://jtrahoner.free.bg/sitemap.html" "Mozilla/4.0 (compatible; MSIE 5.5; Windows 95)" "www.dchifi.com"
78.137.16.78 - - [30/Jul/2010:07:41:59 -0700] "GET /nuke/modules.php?name=Statistics&op=DailyStats&year=2009&month=10&date=26 HTTP/1.0" 200 29175 "http://jtrahoner.free.bg/sitemap.html" "Mozilla/4.0 (compatible; MSIE 6.0; Windows NT 5.1; MRA 4.6 (build 01425))" "www.dchifi.com"
78.137.16.78 - - [30/Jul/2010:07:42:01 -0700] "GET /nuke/modules.php?name=Statistics&op=DailyStats&year=2009&month=10&date=26 HTTP/1.0" 200 29175 "http://jtrahoner.free.bg/sitemap.html" "Opera/9.00 (Windows NT 5.1; U; en)" "www.dchifi.com"
78.137.16.78 - - [30/Jul/2010:07:42:02 -0700] "GET /nuke/modules.php?name=Statistics&op=DailyStats&year=2009&month=10&date=26 HTTP/1.0" 200 29175 "http://jtrahoner.free.bg/sitemap.html" "Mozilla/0.6 Beta (Windows)" "www.dchifi.com"
78.137.16.78 - - [30/Jul/2010:07:48:16 -0700] "GET /nuke/modules.php?name=Statistics&op=DailyStats&year=2009&month=10&date=26 HTTP/1.0" 200 29175 "http://ktrahoner.free.bg/sitemap.html" "Mozilla/4.0 (compatible; MSIE 5.5; Windows 95; BCD2000)" "www.dchifi.com"
78.137.16.78 - - [30/Jul/2010:07:48:17 -0700] "GET /nuke/modules.php?name=Statistics&op=DailyStats&year=2009&month=10&date=26 HTTP/1.0" 200 29175 "http://ktrahoner.free.bg/sitemap.html" "Mozilla/4.0 (compatible; MSIE 6.0; Windows NT 5.1; SV1; InfoPath.1" "www.dchifi.com"
78.137.16.78 - - [30/Jul/2010:07:48:19 -0700] "GET /nuke/modules.php?name=Statistics&op=DailyStats&year=2009&month=10&date=26 HTTP/1.0" 200 29175 "http://ktrahoner.free.bg/sitemap.html" "Mozilla/4.0 (compatible; MSIE 6.0; Windows NT 5.1) Netscape/8.0.4" "www.dchifi.com"
78.137.16.78 - - [30/Jul/2010:07:48:20 -0700] "GET /nuke/modules.php?name=Statistics&op=DailyStats&year=2009&month=10&date=26 HTTP/1.0" 200 29175 "http://ktrahoner.free.bg/sitemap.html" "Mozilla/4.0 (compatible; MSIE 5.5; Windows 95)" "www.dchifi.com"
78.137.16.78 - - [30/Jul/2010:07:48:20 -0700] "GET /nuke/modules.php?name=Statistics&op=DailyStats&year=2009&month=10&date=26 HTTP/1.0" 200 29175 "http://ktrahoner.free.bg/sitemap.html" "Mozilla/4.0 (compatible; MSIE 6.0; Windows NT 5.1; SV1; .NET CLR 1.1.4322; .NET CLR 2.0.50727)" "www.dchifi.com"
196.218.157.113 - - [30/Jul/2010:07:53:55 -0700] "GET /nuke/modules.php?name=Statistics&op=DailyStats&year=2010&month=2&date=16 HTTP/1.0" 200 29268 "http://eajnlfuocim.linkpc.net/7/" "Opera/7.54 (Windows NT 5.1; U) [pl]" "www.dchifi.com"
189.205.206.138 - - [30/Jul/2010:07:54:00 -0700] "GET /nuke/modules.php?name=Statistics&op=DailyStats&year=2010&month=2&date=16 HTTP/1.0" 200 29268 "http://eajnlfuocim.linkpc.net/7/" "Mozilla/4.0 (compatible; MSIE 6.0; Windows NT 5.0; Avant Browser [avantbrowser.com]; Hotbar 4.4.5.0)" "www.dchifi.com"
95.108.244.252 - - [30/Jul/2010:07:54:32 -0700] "GET /nuke/modules.php?name=Statistics&op=DailyStats&year=2008&month=9&date=16 HTTP/1.1" 200 3941 "-" "Mozilla/5.0 (compatible; YandexBot/3.0; +http://yandex.com/bots)" "www.dchifi.com"
78.137.16.78 - - [30/Jul/2010:07:54:40 -0700] "GET /nuke/modules.php?name=Statistics&op=DailyStats&year=2009&month=10&date=26 HTTP/1.0" 200 29175 "http://ltrahoner.free.bg/sitemap.html" "Mozilla/4.0 (compatible; MSIE 6.0; Windows NT 5.0; Avant Browser [avantbrowser.com]; Hotbar 4.4.5.0)" "www.dchifi.com"
78.137.16.78 - - [30/Jul/2010:07:54:41 -0700] "GET /nuke/modules.php?name=Statistics&op=DailyStats&year=2009&month=10&date=26 HTTP/1.0" 200 29175 "http://ltrahoner.free.bg/sitemap.html" "Mozilla/4.0 (compatible; MSIE 7.0; Windows NT 5.1; SV1; .NET CLR 2.0.50727)" "www.dchifi.com"
78.137.16.78 - - [30/Jul/2010:07:54:42 -0700] "GET /nuke/modules.php?name=Statistics&op=DailyStats&year=2009&month=10&date=26 HTTP/1.0" 200 29175 "http://ltrahoner.free.bg/sitemap.html" "Mozilla/4.0 (compatible; MSIE 5.5; Windows NT 5.0; .NET CLR 1.1.4322)" "www.dchifi.com"
78.137.16.78 - - [30/Jul/2010:07:54:43 -0700] "GET /nuke/modules.php?name=Statistics&op=DailyStats&year=2009&month=10&date=26 HTTP/1.0" 200 29175 "http://ltrahoner.free.bg/sitemap.html" "Opera/9.0 (Windows NT 5.1; U; en)" "www.dchifi.com"
78.137.16.78 - - [30/Jul/2010:07:54:44 -0700] "GET /nuke/modules.php?name=Statistics&op=DailyStats&year=2009&month=10&date=26 HTTP/1.0" 200 29175 "http://ltrahoner.free.bg/sitemap.html" "Mozilla/4.7 (compatible; OffByOne; Windows 2000) Webster Pro V3.4" "www.dchifi.com"
78.137.16.78 - - [30/Jul/2010:08:01:01 -0700] "GET /nuke/modules.php?name=Statistics&op=DailyStats&year=2009&month=10&date=26 HTTP/1.0" 200 29175 "http://mtrahoner.free.bg/sitemap.html" "Mozilla/4.0 (compatible; MSIE 6.0; Windows NT 5.2; SV1; .NET CLR 1.1.4322; .NET CLR 2.0.50727)" "www.dchifi.com"
78.137.16.78 - - [30/Jul/2010:08:01:03 -0700] "GET /nuke/modules.php?name=Statistics&op=DailyStats&year=2009&month=10&date=26 HTTP/1.0" 200 29175 "http://mtrahoner.free.bg/sitemap.html" "Mozilla/1.22 (compatible; MSIE 2.0; Windows 95)" "www.dchifi.com"
78.137.16.78 - - [30/Jul/2010:08:01:04 -0700] "GET /nuke/modules.php?name=Statistics&op=DailyStats&year=2009&month=10&date=26 HTTP/1.0" 200 29175 "http://mtrahoner.free.bg/sitemap.html" "Mozilla/4.0 (compatible; MSIE 6.0; Windows NT 5.1; SV1; .NET CLR 1.1.4322) NS8/0.9.6" "www.dchifi.com"
78.137.16.78 - - [30/Jul/2010:08:01:05 -0700] "GET /nuke/modules.php?name=Statistics&op=DailyStats&year=2009&month=10&date=26 HTTP/1.0" 200 29175 "http://mtrahoner.free.bg/sitemap.html" "Mozilla/4.0 (compatible; MSIE 5.5; Windows 98)" "www.dchifi.com"
78.137.16.78 - - [30/Jul/2010:08:01:06 -0700] "GET /nuke/modules.php?name=Statistics&op=DailyStats&year=2009&month=10&date=26 HTTP/1.0" 200 29175 "http://mtrahoner.free.bg/sitemap.html" "Mozilla/4.0 (compatible; MSIE 6.0; Windows NT 5.1; Crazy Browser 1.0.5)" "www.dchifi.com"
78.137.16.78 - - [30/Jul/2010:08:07:13 -0700] "GET /nuke/modules.php?name=Statistics&op=DailyStats&year=2009&month=10&date=26 HTTP/1.0" 200 29175 "http://ntrahoner.free.bg/sitemap.html" "Mozilla/1.22 (compatible; MSIE 2.0d; Windows NT)" "www.dchifi.com"
78.137.16.78 - - [30/Jul/2010:08:07:15 -0700] "GET /nuke/modules.php?name=Statistics&op=DailyStats&year=2009&month=10&date=26 HTTP/1.0" 200 29175 "http://ntrahoner.free.bg/sitemap.html" "Mozilla/4.0 (compatible; MSIE 6.0; Windows NT 5.1; SV1; Media Center PC" "www.dchifi.com"
78.137.16.78 - - [30/Jul/2010:08:07:16 -0700] "GET /nuke/modules.php?name=Statistics&op=DailyStats&year=2009&month=10&date=26 HTTP/1.0" 200 29175 "http://ntrahoner.free.bg/sitemap.html" "Mozilla/4.0 (compatible; MSIE 5.0; Windows 3.1)" "www.dchifi.com"
78.137.16.78 - - [30/Jul/2010:08:07:17 -0700] "GET /nuke/modules.php?name=Statistics&op=DailyStats&year=2009&month=10&date=26 HTTP/1.0" 200 29175 "http://ntrahoner.free.bg/sitemap.html" "Opera/7.60 (Windows NT 5.2; U) [en] (IBM EVV/3.0/EAK01AG9/LE)" "www.dchifi.com"
78.137.16.78 - - [30/Jul/2010:08:07:18 -0700] "GET /nuke/modules.php?name=Statistics&op=DailyStats&year=2009&month=10&date=26 HTTP/1.0" 200 29175 "http://ntrahoner.free.bg/sitemap.html" "Mozilla/4.0 (compatible; MSIE 6.0; Windows ME) Opera 7.11 [en]" "www.dchifi.com"
78.137.16.78 - - [30/Jul/2010:08:13:35 -0700] "GET /nuke/modules.php?name=Statistics&op=DailyStats&year=2009&month=10&date=26 HTTP/1.0" 200 29175 "http://qtrahoner.free.bg/sitemap.html" "Mozilla/4.0 (compatible; MSIE 6.0; Windows 98; Win 9x 4.90)" "www.dchifi.com"
78.137.16.78 - - [30/Jul/2010:08:13:37 -0700] "GET /nuke/modules.php?name=Statistics&op=DailyStats&year=2009&month=10&date=26 HTTP/1.0" 200 29175 "http://qtrahoner.free.bg/sitemap.html" "Mozilla/4.0 (compatible; MSIE 6.0; Windows NT 5.2; Win64; AMD64)" "www.dchifi.com"
78.137.16.78 - - [30/Jul/2010:08:13:39 -0700] "GET /nuke/modules.php?name=Statistics&op=DailyStats&year=2009&month=10&date=26 HTTP/1.0" 200 29175 "http://qtrahoner.free.bg/sitemap.html" "Mozilla/4.0 (compatible; MSIE 5.0; Windows NT; DigExt)" "www.dchifi.com"
78.137.16.78 - - [30/Jul/2010:08:13:40 -0700] "GET /nuke/modules.php?name=Statistics&op=DailyStats&year=2009&month=10&date=26 HTTP/1.0" 200 29175 "http://qtrahoner.free.bg/sitemap.html" "Mozilla/4.0 (compatible; MSIE 6.0; Windows NT 5.1; SV1; .NET CLR 1.1.4322; XMPP Tiscali Communicator v.10.0.2; .NET CLR 2.0.50727)" "www.dchifi.com"
78.137.16.78 - - [30/Jul/2010:08:13:41 -0700] "GET /nuke/modules.php?name=Statistics&op=DailyStats&year=2009&month=10&date=26 HTTP/1.0" 200 29175 "http://qtrahoner.free.bg/sitemap.html" "Mozilla/4.0 (compatible; MSIE 6.0; Windows NT 5.1)" "www.dchifi.com"
208.115.111.250 - - [30/Jul/2010:08:14:59 -0700] "GET /robots.txt HTTP/1.1" 404 - "-" "Mozilla/5.0 (compatible; DotBot/1.1; http://www.dotnetdotcom.org/, crawler@dotnetdotcom.org)" "www.dchifi.com"
78.137.16.78 - - [30/Jul/2010:08:19:53 -0700] "GET /nuke/modules.php?name=Statistics&op=DailyStats&year=2009&month=10&date=26 HTTP/1.0" 200 29175 "http://rtrahoner.free.bg/sitemap.html" "Opera/7.60 (Windows NT 5.2; U) [en] (IBM EVV/3.0/EAK01AG9/LE)" "www.dchifi.com"
78.137.16.78 - - [30/Jul/2010:08:19:54 -0700] "GET /nuke/modules.php?name=Statistics&op=DailyStats&year=2009&month=10&date=26 HTTP/1.0" 200 29175 "http://rtrahoner.free.bg/sitemap.html" "Mozilla/4.0 (compatible; MSIE 6.0; Windows NT 5.1; SV1; InfoPath.1" "www.dchifi.com"
78.137.16.78 - - [30/Jul/2010:08:19:55 -0700] "GET /nuke/modules.php?name=Statistics&op=DailyStats&year=2009&month=10&date=26 HTTP/1.0" 200 29175 "http://rtrahoner.free.bg/sitemap.html" "Mozilla/4.0 (compatible; MSIE 6.0; Windows NT 5.1; SV1; .NET CLR 1.1.4322)" "www.dchifi.com"
78.137.16.78 - - [30/Jul/2010:08:19:56 -0700] "GET /nuke/modules.php?name=Statistics&op=DailyStats&year=2009&month=10&date=26 HTTP/1.0" 200 29175 "http://rtrahoner.free.bg/sitemap.html" "Mozilla/5.0 (Windows NT 5.1; U; en) Opera 8.00" "www.dchifi.com"
78.137.16.78 - - [30/Jul/2010:08:19:57 -0700] "GET /nuke/modules.php?name=Statistics&op=DailyStats&year=2009&month=10&date=26 HTTP/1.0" 200 29175 "http://rtrahoner.free.bg/sitemap.html" "Mozilla/4.0 (compatible; MSIE 5.5; Windows 95; BCD2000)" "www.dchifi.com"
78.137.16.78 - - [30/Jul/2010:08:26:13 -0700] "GET /nuke/modules.php?name=Statistics&op=DailyStats&year=2009&month=10&date=26 HTTP/1.0" 200 29175 "http://strahoner.free.bg/sitemap.html" "Mozilla/4.0 (compatible; MSIE 6.0; Windows NT 5.1; Deepnet Explorer 1.5.0; .NET CLR 1.0.3705)" "www.dchifi.com"
78.137.16.78 - - [30/Jul/2010:08:26:14 -0700] "GET /nuke/modules.php?name=Statistics&op=DailyStats&year=2009&month=10&date=26 HTTP/1.0" 200 29175 "http://strahoner.free.bg/sitemap.html" "Mozilla/3.0 (x86 [en] Windows NT 5.1; Sun)" "www.dchifi.com"
78.137.16.78 - - [30/Jul/2010:08:26:16 -0700] "GET /nuke/modules.php?name=Statistics&op=DailyStats&year=2009&month=10&date=26 HTTP/1.0" 200 29175 "http://strahoner.free.bg/sitemap.html" "Mozilla/4.0 (compatible; MSIE 6.0; Windows 98; Win 9x 4.90; Creative)" "www.dchifi.com"
78.137.16.78 - - [30/Jul/2010:08:26:17 -0700] "GET /nuke/modules.php?name=Statistics&op=DailyStats&year=2009&month=10&date=26 HTTP/1.0" 200 29175 "http://strahoner.free.bg/sitemap.html" "Mozilla/4.0 (compatible; MSIE 6.0; Windows NT 5.1; SV1; .NET CLR 1.1.4322) Babya Discoverer 8.0:" "www.dchifi.com"
78.137.16.78 - - [30/Jul/2010:08:26:19 -0700] "GET /nuke/modules.php?name=Statistics&op=DailyStats&year=2009&month=10&date=26 HTTP/1.0" 200 29175 "http://strahoner.free.bg/sitemap.html" "Mozilla/4.0 (compatible; MSIE 6.0; Windows NT 5.1; MRA 4.3 (build 01218); .NET CLR 1.1.4322)" "www.dchifi.com"
78.137.16.78 - - [30/Jul/2010:08:32:42 -0700] "GET /nuke/modules.php?name=Statistics&op=DailyStats&year=2009&month=10&date=26 HTTP/1.0" 200 29175 "http://ttrahoner.free.bg/sitemap.html" "Mozilla/4.0 (compatible; MSIE 5.5; Windows 98)" "www.dchifi.com"
78.137.16.78 - - [30/Jul/2010:08:32:43 -0700] "GET /nuke/modules.php?name=Statistics&op=DailyStats&year=2009&month=10&date=26 HTTP/1.0" 200 29175 "http://ttrahoner.free.bg/sitemap.html" "Mozilla/4.0 (compatible; MSIE 6.0; Windows NT 5.1) Opera 7.54 [en]" "www.dchifi.com"
78.137.16.78 - - [30/Jul/2010:08:32:45 -0700] "GET /nuke/modules.php?name=Statistics&op=DailyStats&year=2009&month=10&date=26 HTTP/1.0" 200 29175 "http://ttrahoner.free.bg/sitemap.html" "Mozilla/4.0 (compatible; MSIE 6.0; Windows NT 5.1; SV1; .NET CLR 1.1.4322)" "www.dchifi.com"
78.137.16.78 - - [30/Jul/2010:08:32:45 -0700] "GET /nuke/modules.php?name=Statistics&op=DailyStats&year=2009&month=10&date=26 HTTP/1.0" 200 29175 "http://ttrahoner.free.bg/sitemap.html" "Mozilla/4.0 (compatible; MSIE 5.0; Windows 2000) Opera 6.0 [en]" "www.dchifi.com"
78.137.16.78 - - [30/Jul/2010:08:32:47 -0700] "GET /nuke/modules.php?name=Statistics&op=DailyStats&year=2009&month=10&date=26 HTTP/1.0" 200 29175 "http://ttrahoner.free.bg/sitemap.html" "Mozilla/4.0 (compatible; MSIE 7.0b; Windows NT 6.0)" "www.dchifi.com"
85.96.163.193 - - [30/Jul/2010:08:33:15 -0700] "GET /nuke/modules.php?name=Statistics&op=DailyStats&year=2010&month=2&date=16 HTTP/1.0" 200 29268 "http://buoqzvytekl.linkpc.net/" "Mozilla/4.0 (compatible; MSIE 6.0; Windows NT 5.1; SV1; .NET CLR 1.1.4322; XMPP Tiscali Communicator v.10.0.2; .NET CLR 2.0.50727)" "www.dchifi.com"
88.226.77.193 - - [30/Jul/2010:08:33:19 -0700] "GET /nuke/modules.php?name=Statistics&op=DailyStats&year=2010&month=2&date=16 HTTP/1.0" 200 29268 "http://buoqzvytekl.linkpc.net/" "Mozilla/4.0 (compatible; MSIE 6.0; Windows NT 5.1; ru) Opera 8.01" "www.dchifi.com"
95.108.244.252 - - [30/Jul/2010:08:35:14 -0700] "GET /nuke/modules.php?name=Statistics&op=DailyStats&year=2008&month=1&date=28 HTTP/1.1" 200 3883 "-" "Mozilla/5.0 (compatible; YandexBot/3.0; +http://yandex.com/bots)" "www.dchifi.com"
208.115.111.250 - - [30/Jul/2010:08:35:43 -0700] "GET /Eve_online/?M=A HTTP/1.1" 200 804 "-" "Mozilla/5.0 (compatible; DotBot/1.1; http://www.dotnetdotcom.org/, crawler@dotnetdotcom.org)" "www.dchifi.com"
208.115.111.250 - - [30/Jul/2010:08:35:45 -0700] "GET /Eve_online/?S=A HTTP/1.1" 200 804 "-" "Mozilla/5.0 (compatible; DotBot/1.1; http://www.dotnetdotcom.org/, crawler@dotnetdotcom.org)" "www.dchifi.com"
208.115.111.250 - - [30/Jul/2010:08:35:47 -0700] "GET /Eve_online/MSCS/ HTTP/1.1" 200 555 "-" "Mozilla/5.0 (compatible; DotBot/1.1; http://www.dotnetdotcom.org/, crawler@dotnetdotcom.org)" "www.dchifi.com"
208.115.111.250 - - [30/Jul/2010:08:35:48 -0700] "GET /Eve_online/MSCS/?M=A HTTP/1.1" 200 555 "-" "Mozilla/5.0 (compatible; DotBot/1.1; http://www.dotnetdotcom.org/, crawler@dotnetdotcom.org)" "www.dchifi.com"
208.115.111.250 - - [30/Jul/2010:08:35:50 -0700] "GET /Eve_online/MSCS/?N=A HTTP/1.1" 200 555 "-" "Mozilla/5.0 (compatible; DotBot/1.1; http://www.dotnetdotcom.org/, crawler@dotnetdotcom.org)" "www.dchifi.com"
208.115.111.250 - - [30/Jul/2010:08:35:51 -0700] "GET /Eve_online/MSCS/?S=A HTTP/1.1" 200 555 "-" "Mozilla/5.0 (compatible; DotBot/1.1; http://www.dotnetdotcom.org/, crawler@dotnetdotcom.org)" "www.dchifi.com"
208.115.111.250 - - [30/Jul/2010:08:35:52 -0700] "GET /Eve_online/Personal/ HTTP/1.1" 200 889 "-" "Mozilla/5.0 (compatible; DotBot/1.1; http://www.dotnetdotcom.org/, crawler@dotnetdotcom.org)" "www.dchifi.com"
208.115.111.250 - - [30/Jul/2010:08:35:53 -0700] "GET /strongproducts/ HTTP/1.1" 200 675 "-" "Mozilla/5.0 (compatible; DotBot/1.1; http://www.dotnetdotcom.org/, crawler@dotnetdotcom.org)" "www.dchifi.com"
208.115.111.250 - - [30/Jul/2010:08:35:55 -0700] "GET /strongproducts/ebay/ HTTP/1.1" 200 706 "-" "Mozilla/5.0 (compatible; DotBot/1.1; http://www.dotnetdotcom.org/, crawler@dotnetdotcom.org)" "www.dchifi.com"
